{"id":1563,"date":"2018-01-15T09:59:49","date_gmt":"2018-01-15T09:59:49","guid":{"rendered":"http:\/\/turismo.uma.pt\/?page_id=1563"},"modified":"2018-01-15T17:39:21","modified_gmt":"2018-01-15T17:39:21","slug":"projeto-turismo-descricao-do-projeto","status":"publish","type":"page","link":"https:\/\/turismo.uma.pt\/?page_id=1563","title":{"rendered":"Projeto Turismo &#8211; Descri\u00e7\u00e3o do Projeto"},"content":{"rendered":"<p><span style=\"font-size: 12pt;\">O Projeto Turismo ir\u00e1 contribuir para o <strong>desenvolvimento e reconhecimento da investiga\u00e7\u00e3o em turismo a n\u00edvel internacional<\/strong> e por conseguinte ir\u00e1 tornar a Regi\u00e3o conhecida e\u00a0reconhecida pela investiga\u00e7\u00e3o realizada em turismo, atrav\u00e9s da publica\u00e7\u00e3o de artigos cient\u00edficos em revistas l\u00edderes internacionais, pela integra\u00e7\u00e3o em redes de investiga\u00e7\u00e3o\u00a0internacionais, pela colabora\u00e7\u00e3o em projetos de IDT+I.<\/span><\/p>\n<p><span style=\"font-size: 12pt;\">O Projeto Turismo<strong> tem como objetivo a produ\u00e7\u00e3o de conhecimento pr\u00f3prio na \u00e1rea do turismo<\/strong>, em articula\u00e7\u00e3o com o Plano Madeira 2020 \u2013 Estrat\u00e9gia Regional de\u00a0Especializa\u00e7\u00e3o Inteligente (RIS3) e com o Plano de Desenvolvimento Tecnol\u00f3gico e Inova\u00e7\u00e3o da RAM (PIDT&amp;I), para que, a m\u00e9dio prazo, possa ser considerado um centro de\u00a0investiga\u00e7\u00e3o de excel\u00eancia, l\u00edder e inovador no sector do turismo da Regi\u00e3o Aut\u00f3noma da Madeira.<\/span><\/p>\n<p><span style=\"font-size: 12pt;\"><strong>\u2013<\/strong> <strong>Criar, atrair e reter massa cr\u00edtica especializada em turismo;<\/strong><\/span><br \/>\n<strong><span style=\"font-size: 12pt;\">\u2013 Incrementar a produ\u00e7\u00e3o cient\u00edfica na \u00e1rea do turismo com aplica\u00e7\u00e3o pr\u00e1tica na regi\u00e3o;<\/span><\/strong><br \/>\n<strong><span style=\"font-size: 12pt;\">\u2013 Realizar estudos sobre sistemas de informa\u00e7\u00e3o e implementa\u00e7\u00e3o de instrumentos inovadores para a promo\u00e7\u00e3o do destino;<\/span><\/strong><br \/>\n<strong><span style=\"font-size: 12pt;\">\u2013 Transferir o conhecimento para o sector do turismo e colaborar com institui\u00e7\u00f5es de investiga\u00e7\u00e3o internacionais com reconhecido m\u00e9rito no dom\u00ednio do turismo.<\/span><\/strong><\/p>\n","protected":false},"excerpt":{"rendered":"<p>O Projeto Turismo ir\u00e1 contribuir para o desenvolvimento e reconhecimento da investiga\u00e7\u00e3o em turismo a n\u00edvel internacional e por conseguinte ir\u00e1 tornar a Regi\u00e3o conhecida e\u00a0reconhecida pela investiga\u00e7\u00e3o realizada em turismo, atrav\u00e9s da publica\u00e7\u00e3o de artigos cient\u00edficos em revistas l\u00edderes internacionais, pela integra\u00e7\u00e3o em redes de investiga\u00e7\u00e3o\u00a0internacionais, pela colabora\u00e7\u00e3o em projetos de IDT+I. O Projeto&hellip;<\/p>\n","protected":false},"author":1,"featured_media":0,"parent":0,"menu_order":0,"comment_status":"closed","ping_status":"open","template":"page-templates\/full-width.php","meta":{"_monsterinsights_skip_tracking":false,"_monsterinsights_sitenote_active":false,"_monsterinsights_sitenote_note":"","_monsterinsights_sitenote_category":0,"_mc_calendar":[],"footnotes":""},"class_list":["post-1563","page","type-page","status-publish","hentry"],"yoast_head":"<!-- This site is optimized with the Yoast SEO plugin v27.4 - https:\/\/yoast.com\/product\/yoast-seo-wordpress\/ -->\n<title>Projeto Turismo - Descri\u00e7\u00e3o do Projeto - Projeto Turismo<\/title>\n<meta name=\"robots\" content=\"index, follow, max-snippet:-1, max-image-preview:large, max-video-preview:-1\" \/>\n<link rel=\"canonical\" href=\"https:\/\/turismo.uma.pt\/?page_id=1563\" \/>\n<meta property=\"og:locale\" content=\"pt_PT\" \/>\n<meta property=\"og:type\" content=\"article\" \/>\n<meta property=\"og:title\" content=\"Projeto Turismo - Descri\u00e7\u00e3o do Projeto - Projeto Turismo\" \/>\n<meta property=\"og:description\" content=\"O Projeto Turismo ir\u00e1 contribuir para o desenvolvimento e reconhecimento da investiga\u00e7\u00e3o em turismo a n\u00edvel internacional e por conseguinte ir\u00e1 tornar a Regi\u00e3o conhecida e\u00a0reconhecida pela investiga\u00e7\u00e3o realizada em turismo, atrav\u00e9s da publica\u00e7\u00e3o de artigos cient\u00edficos em revistas l\u00edderes internacionais, pela integra\u00e7\u00e3o em redes de investiga\u00e7\u00e3o\u00a0internacionais, pela colabora\u00e7\u00e3o em projetos de IDT+I. O Projeto&hellip;\" \/>\n<meta property=\"og:url\" content=\"https:\/\/turismo.uma.pt\/?page_id=1563\" \/>\n<meta property=\"og:site_name\" content=\"Projeto Turismo\" \/>\n<meta property=\"article:modified_time\" content=\"2018-01-15T17:39:21+00:00\" \/>\n<meta name=\"twitter:card\" content=\"summary_large_image\" \/>\n<meta name=\"twitter:label1\" content=\"Tempo estimado de leitura\" \/>\n\t<meta name=\"twitter:data1\" content=\"1 minuto\" \/>\n<script type=\"application\/ld+json\" class=\"yoast-schema-graph\">{\"@context\":\"https:\\\/\\\/schema.org\",\"@graph\":[{\"@type\":\"WebPage\",\"@id\":\"https:\\\/\\\/turismo.uma.pt\\\/?page_id=1563\",\"url\":\"https:\\\/\\\/turismo.uma.pt\\\/?page_id=1563\",\"name\":\"Projeto Turismo - Descri\u00e7\u00e3o do Projeto - Projeto Turismo\",\"isPartOf\":{\"@id\":\"https:\\\/\\\/turismo.uma.pt\\\/#website\"},\"datePublished\":\"2018-01-15T09:59:49+00:00\",\"dateModified\":\"2018-01-15T17:39:21+00:00\",\"inLanguage\":\"pt-PT\",\"potentialAction\":[{\"@type\":\"ReadAction\",\"target\":[\"https:\\\/\\\/turismo.uma.pt\\\/?page_id=1563\"]}]},{\"@type\":\"WebSite\",\"@id\":\"https:\\\/\\\/turismo.uma.pt\\\/#website\",\"url\":\"https:\\\/\\\/turismo.uma.pt\\\/\",\"name\":\"Projeto Turismo\",\"description\":\"Universidade da Madeira\",\"potentialAction\":[{\"@type\":\"SearchAction\",\"target\":{\"@type\":\"EntryPoint\",\"urlTemplate\":\"https:\\\/\\\/turismo.uma.pt\\\/?s={search_term_string}\"},\"query-input\":{\"@type\":\"PropertyValueSpecification\",\"valueRequired\":true,\"valueName\":\"search_term_string\"}}],\"inLanguage\":\"pt-PT\"}]}<\/script>\n<!-- \/ Yoast SEO plugin. -->","yoast_head_json":{"title":"Projeto Turismo - Descri\u00e7\u00e3o do Projeto - Projeto Turismo","robots":{"index":"index","follow":"follow","max-snippet":"max-snippet:-1","max-image-preview":"max-image-preview:large","max-video-preview":"max-video-preview:-1"},"canonical":"https:\/\/turismo.uma.pt\/?page_id=1563","og_locale":"pt_PT","og_type":"article","og_title":"Projeto Turismo - Descri\u00e7\u00e3o do Projeto - Projeto Turismo","og_description":"O Projeto Turismo ir\u00e1 contribuir para o desenvolvimento e reconhecimento da investiga\u00e7\u00e3o em turismo a n\u00edvel internacional e por conseguinte ir\u00e1 tornar a Regi\u00e3o conhecida e\u00a0reconhecida pela investiga\u00e7\u00e3o realizada em turismo, atrav\u00e9s da publica\u00e7\u00e3o de artigos cient\u00edficos em revistas l\u00edderes internacionais, pela integra\u00e7\u00e3o em redes de investiga\u00e7\u00e3o\u00a0internacionais, pela colabora\u00e7\u00e3o em projetos de IDT+I. O Projeto&hellip;","og_url":"https:\/\/turismo.uma.pt\/?page_id=1563","og_site_name":"Projeto Turismo","article_modified_time":"2018-01-15T17:39:21+00:00","twitter_card":"summary_large_image","twitter_misc":{"Tempo estimado de leitura":"1 minuto"},"schema":{"@context":"https:\/\/schema.org","@graph":[{"@type":"WebPage","@id":"https:\/\/turismo.uma.pt\/?page_id=1563","url":"https:\/\/turismo.uma.pt\/?page_id=1563","name":"Projeto Turismo - Descri\u00e7\u00e3o do Projeto - Projeto Turismo","isPartOf":{"@id":"https:\/\/turismo.uma.pt\/#website"},"datePublished":"2018-01-15T09:59:49+00:00","dateModified":"2018-01-15T17:39:21+00:00","inLanguage":"pt-PT","potentialAction":[{"@type":"ReadAction","target":["https:\/\/turismo.uma.pt\/?page_id=1563"]}]},{"@type":"WebSite","@id":"https:\/\/turismo.uma.pt\/#website","url":"https:\/\/turismo.uma.pt\/","name":"Projeto Turismo","description":"Universidade da Madeira","potentialAction":[{"@type":"SearchAction","target":{"@type":"EntryPoint","urlTemplate":"https:\/\/turismo.uma.pt\/?s={search_term_string}"},"query-input":{"@type":"PropertyValueSpecification","valueRequired":true,"valueName":"search_term_string"}}],"inLanguage":"pt-PT"}]}},"_links":{"self":[{"href":"https:\/\/turismo.uma.pt\/index.php?rest_route=\/wp\/v2\/pages\/1563","targetHints":{"allow":["GET"]}}],"collection":[{"href":"https:\/\/turismo.uma.pt\/index.php?rest_route=\/wp\/v2\/pages"}],"about":[{"href":"https:\/\/turismo.uma.pt\/index.php?rest_route=\/wp\/v2\/types\/page"}],"author":[{"embeddable":true,"href":"https:\/\/turismo.uma.pt\/index.php?rest_route=\/wp\/v2\/users\/1"}],"replies":[{"embeddable":true,"href":"https:\/\/turismo.uma.pt\/index.php?rest_route=%2Fwp%2Fv2%2Fcomments&post=1563"}],"version-history":[{"count":1,"href":"https:\/\/turismo.uma.pt\/index.php?rest_route=\/wp\/v2\/pages\/1563\/revisions"}],"predecessor-version":[{"id":1564,"href":"https:\/\/turismo.uma.pt\/index.php?rest_route=\/wp\/v2\/pages\/1563\/revisions\/1564"}],"wp:attachment":[{"href":"https:\/\/turismo.uma.pt\/index.php?rest_route=%2Fwp%2Fv2%2Fmedia&parent=1563"}],"curies":[{"name":"wp","href":"https:\/\/api.w.org\/{rel}","templated":true}]}}