{"id":1575,"date":"2018-01-15T10:10:29","date_gmt":"2018-01-15T10:10:29","guid":{"rendered":"http:\/\/turismo.uma.pt\/?page_id=1575"},"modified":"2018-01-15T10:11:09","modified_gmt":"2018-01-15T10:11:09","slug":"descricao-do-projeto","status":"publish","type":"page","link":"https:\/\/turismo.uma.pt\/?page_id=1575","title":{"rendered":"Descri\u00e7\u00e3o do Projeto"},"content":{"rendered":"<p><span style=\"font-size: 12pt;\">O Projeto de Turismo pretende criar uma oportunidade \u00fanica a fim de aumentar a consciencializa\u00e7\u00e3o sobre o contributo do turismo sustent\u00e1vel para o desenvolvimento entre os decisores do sector p\u00fablico e privado e o p\u00fablico, mobilizando todos os stakeholders para que trabalhem juntos para tornar o turismo um catalisador de mudan\u00e7as positivas. Juntamente com os parceiros\u00a0do projeto STET visamos disseminar informa\u00e7\u00e3o sobre Slow-Tourism e E-Tourism nos estudantes, professores e empresas, com o intuito de melhorar o empreendedorismo e facilitar o processo para a pr\u00f3xima gera\u00e7\u00e3o para implementar atividades de Slow e ferramentas digitais no sector do turismo num futuro pr\u00f3ximo.\u00a0Deste modo, o projeto pretende criar m\u00f3dulos de e-learning sob a forma de MOOC ou SPOC a serem adicionados aos j\u00e1 existentes curr\u00edculos de Ensino Superior, testados com profissionais do sector tur\u00edstico nos pa\u00edses dos parceiros e, depois, abri-los para\u00a0plataformas de aprendizagem ao longo da vida.<\/span><\/p>\n","protected":false},"excerpt":{"rendered":"<p>O Projeto de Turismo pretende criar uma oportunidade \u00fanica a fim de aumentar a consciencializa\u00e7\u00e3o sobre o contributo do turismo sustent\u00e1vel para o desenvolvimento entre os decisores do sector p\u00fablico e privado e o p\u00fablico, mobilizando todos os stakeholders para que trabalhem juntos para tornar o turismo um catalisador de mudan\u00e7as positivas. Juntamente com os&hellip;<\/p>\n","protected":false},"author":1,"featured_media":0,"parent":0,"menu_order":0,"comment_status":"closed","ping_status":"open","template":"page-templates\/full-width.php","meta":{"_monsterinsights_skip_tracking":false,"_monsterinsights_sitenote_active":false,"_monsterinsights_sitenote_note":"","_monsterinsights_sitenote_category":0,"_mc_calendar":[]},"yoast_head":"<!-- This site is optimized with the Yoast SEO plugin v21.1 - https:\/\/yoast.com\/wordpress\/plugins\/seo\/ -->\n<title>Descri\u00e7\u00e3o do Projeto - Projeto Turismo<\/title>\n<meta name=\"robots\" content=\"index, follow, max-snippet:-1, max-image-preview:large, max-video-preview:-1\" \/>\n<link rel=\"canonical\" href=\"https:\/\/turismo.uma.pt\/?page_id=1575\" \/>\n<meta property=\"og:locale\" content=\"pt_PT\" \/>\n<meta property=\"og:type\" content=\"article\" \/>\n<meta property=\"og:title\" content=\"Descri\u00e7\u00e3o do Projeto - Projeto Turismo\" \/>\n<meta property=\"og:description\" content=\"O Projeto de Turismo pretende criar uma oportunidade \u00fanica a fim de aumentar a consciencializa\u00e7\u00e3o sobre o contributo do turismo sustent\u00e1vel para o desenvolvimento entre os decisores do sector p\u00fablico e privado e o p\u00fablico, mobilizando todos os stakeholders para que trabalhem juntos para tornar o turismo um catalisador de mudan\u00e7as positivas. Juntamente com os&hellip;\" \/>\n<meta property=\"og:url\" content=\"https:\/\/turismo.uma.pt\/?page_id=1575\" \/>\n<meta property=\"og:site_name\" content=\"Projeto Turismo\" \/>\n<meta property=\"article:modified_time\" content=\"2018-01-15T10:11:09+00:00\" \/>\n<meta name=\"twitter:card\" content=\"summary_large_image\" \/>\n<meta name=\"twitter:label1\" content=\"Tempo estimado de leitura\" \/>\n\t<meta name=\"twitter:data1\" content=\"1 minuto\" \/>\n<script type=\"application\/ld+json\" class=\"yoast-schema-graph\">{\"@context\":\"https:\/\/schema.org\",\"@graph\":[{\"@type\":\"WebPage\",\"@id\":\"https:\/\/turismo.uma.pt\/?page_id=1575\",\"url\":\"https:\/\/turismo.uma.pt\/?page_id=1575\",\"name\":\"Descri\u00e7\u00e3o do Projeto - Projeto Turismo\",\"isPartOf\":{\"@id\":\"https:\/\/turismo.uma.pt\/#website\"},\"datePublished\":\"2018-01-15T10:10:29+00:00\",\"dateModified\":\"2018-01-15T10:11:09+00:00\",\"inLanguage\":\"pt-PT\",\"potentialAction\":[{\"@type\":\"ReadAction\",\"target\":[\"https:\/\/turismo.uma.pt\/?page_id=1575\"]}]},{\"@type\":\"WebSite\",\"@id\":\"https:\/\/turismo.uma.pt\/#website\",\"url\":\"https:\/\/turismo.uma.pt\/\",\"name\":\"Projeto Turismo\",\"description\":\"Universidade da Madeira\",\"potentialAction\":[{\"@type\":\"SearchAction\",\"target\":{\"@type\":\"EntryPoint\",\"urlTemplate\":\"https:\/\/turismo.uma.pt\/?s={search_term_string}\"},\"query-input\":\"required name=search_term_string\"}],\"inLanguage\":\"pt-PT\"}]}<\/script>\n<!-- \/ Yoast SEO plugin. -->","yoast_head_json":{"title":"Descri\u00e7\u00e3o do Projeto - Projeto Turismo","robots":{"index":"index","follow":"follow","max-snippet":"max-snippet:-1","max-image-preview":"max-image-preview:large","max-video-preview":"max-video-preview:-1"},"canonical":"https:\/\/turismo.uma.pt\/?page_id=1575","og_locale":"pt_PT","og_type":"article","og_title":"Descri\u00e7\u00e3o do Projeto - Projeto Turismo","og_description":"O Projeto de Turismo pretende criar uma oportunidade \u00fanica a fim de aumentar a consciencializa\u00e7\u00e3o sobre o contributo do turismo sustent\u00e1vel para o desenvolvimento entre os decisores do sector p\u00fablico e privado e o p\u00fablico, mobilizando todos os stakeholders para que trabalhem juntos para tornar o turismo um catalisador de mudan\u00e7as positivas. Juntamente com os&hellip;","og_url":"https:\/\/turismo.uma.pt\/?page_id=1575","og_site_name":"Projeto Turismo","article_modified_time":"2018-01-15T10:11:09+00:00","twitter_card":"summary_large_image","twitter_misc":{"Tempo estimado de leitura":"1 minuto"},"schema":{"@context":"https:\/\/schema.org","@graph":[{"@type":"WebPage","@id":"https:\/\/turismo.uma.pt\/?page_id=1575","url":"https:\/\/turismo.uma.pt\/?page_id=1575","name":"Descri\u00e7\u00e3o do Projeto - Projeto Turismo","isPartOf":{"@id":"https:\/\/turismo.uma.pt\/#website"},"datePublished":"2018-01-15T10:10:29+00:00","dateModified":"2018-01-15T10:11:09+00:00","inLanguage":"pt-PT","potentialAction":[{"@type":"ReadAction","target":["https:\/\/turismo.uma.pt\/?page_id=1575"]}]},{"@type":"WebSite","@id":"https:\/\/turismo.uma.pt\/#website","url":"https:\/\/turismo.uma.pt\/","name":"Projeto Turismo","description":"Universidade da Madeira","potentialAction":[{"@type":"SearchAction","target":{"@type":"EntryPoint","urlTemplate":"https:\/\/turismo.uma.pt\/?s={search_term_string}"},"query-input":"required name=search_term_string"}],"inLanguage":"pt-PT"}]}},"_links":{"self":[{"href":"https:\/\/turismo.uma.pt\/index.php?rest_route=\/wp\/v2\/pages\/1575"}],"collection":[{"href":"https:\/\/turismo.uma.pt\/index.php?rest_route=\/wp\/v2\/pages"}],"about":[{"href":"https:\/\/turismo.uma.pt\/index.php?rest_route=\/wp\/v2\/types\/page"}],"author":[{"embeddable":true,"href":"https:\/\/turismo.uma.pt\/index.php?rest_route=\/wp\/v2\/users\/1"}],"replies":[{"embeddable":true,"href":"https:\/\/turismo.uma.pt\/index.php?rest_route=%2Fwp%2Fv2%2Fcomments&post=1575"}],"version-history":[{"count":2,"href":"https:\/\/turismo.uma.pt\/index.php?rest_route=\/wp\/v2\/pages\/1575\/revisions"}],"predecessor-version":[{"id":1578,"href":"https:\/\/turismo.uma.pt\/index.php?rest_route=\/wp\/v2\/pages\/1575\/revisions\/1578"}],"wp:attachment":[{"href":"https:\/\/turismo.uma.pt\/index.php?rest_route=%2Fwp%2Fv2%2Fmedia&parent=1575"}],"curies":[{"name":"wp","href":"https:\/\/api.w.org\/{rel}","templated":true}]}}