{"id":2101,"date":"2018-03-06T10:12:47","date_gmt":"2018-03-06T10:12:47","guid":{"rendered":"http:\/\/turismo.uma.pt\/?page_id=2101"},"modified":"2019-07-17T13:48:56","modified_gmt":"2019-07-17T13:48:56","slug":"projeto-impacto","status":"publish","type":"page","link":"https:\/\/turismo.uma.pt\/?page_id=2101","title":{"rendered":"Market"},"content":{"rendered":"<p>Os 2 grandes focos de an\u00e1lise sobre o <em>Market<\/em> Madeira.\u00a0\n<\/p>\n<p>&nbsp;<\/p>\n<p><strong>\u00a01\u00a0\u00a0AN\u00c1LISE DA OFERTA COMPLEMENTAR DA R.A.M.\u00a0 <\/strong><\/p>\n<p>&nbsp;<\/p>\n<p><strong>\u00a01 .1\u00a0\u00a0<\/strong>OS RECURSOS TUR\u00cdSTICOS DESPORTIVOS: IDENTIFICA\u00c7\u00c3O, AVALIA\u00c7\u00c3O, ADEQUA\u00c7\u00c3O \u00c0 PROCURA E AN\u00c1LISE BENCHMARKING<\/p>\n<p>Neste momento em fun\u00e7\u00e3o dos meios dispon\u00edveis foram selecionadas tr\u00eas grandes linhas de for\u00e7a:<\/p>\n<p>\n1- Recursos tur\u00edsticos desportivos:<\/p>\n<p>&#8211; Identifica\u00e7\u00e3o e avalia\u00e7\u00e3o dos recursos;<\/p>\n<p>&#8211; Adequa\u00e7\u00e3o dos recursos \u00e0 procura;<\/p>\n<p>&#8211; An\u00e1lise comparativa com outros destinos (benchmarking).<\/p>\n<p>\n2- Produtos inovadores \u2013 Identificar, desenvolver e testar produtos espec\u00edficos para certos nichos.<\/p>\n<p>\n3- Eventos Desportivos &#8211; potencialidades e retorno (econ\u00f3mico-financeiro e de desenvolvimento humano e desportivo) ao n\u00edvel da organiza\u00e7\u00e3o de competi\u00e7\u00f5es, de congressos \u201cfederativos\u201d ou cient\u00edficos, de est\u00e1gios e afins.<\/p>\n<p><strong>Investigador Respons\u00e1vel<\/strong><\/p>\n<p>\t\t\t\t<img loading=\"lazy\" decoding=\"async\" src=\"http:\/\/turismo.uma.pt\/wp-content\/uploads\/bb-plugin\/cache\/helder-lopes-150x150-circle.jpg\" alt=\"helder lopes\" itemprop=\"image\" height=\"150\" width=\"150\" title=\"helder lopes\"  \/><\/p>\n<h3><\/h3>\n<p>H\u00e9lder Lopes<\/p>\n<h3><\/h3>\n<p><strong>Investigadores Auxiliares<\/strong><\/p>\n<p>\t\t\t\t<img loading=\"lazy\" decoding=\"async\" src=\"http:\/\/turismo.uma.pt\/wp-content\/uploads\/bb-plugin\/cache\/Foto_CatarinaFernando-circle.jpg\" alt=\"Foto_CatarinaFernando\" itemprop=\"image\" height=\"540\" width=\"400\" title=\"Foto_CatarinaFernando\"  \/><\/p>\n<h3><\/h3>\n<p>Catarina Fernando<\/p>\n<p>\t\t\t\t<img loading=\"lazy\" decoding=\"async\" src=\"http:\/\/turismo.uma.pt\/wp-content\/uploads\/bb-plugin\/cache\/23834_110009909035882_3761518_n-circle.jpg\" alt=\"23834_110009909035882_3761518_n\" itemprop=\"image\" height=\"602\" width=\"720\" title=\"23834_110009909035882_3761518_n\"  \/><\/p>\n<h3><\/h3>\n<p>Jo\u00e3o Prudente<\/p>\n<p><strong>1.2\u00a0<\/strong><em>SPORT TOURISM AND DESTINATION PLANNING<\/em><\/p>\n<p><strong>Investigador Respons\u00e1vel<\/strong><\/p>\n<p>\t\t\t\t<img loading=\"lazy\" decoding=\"async\" src=\"http:\/\/turismo.uma.pt\/wp-content\/uploads\/bb-plugin\/cache\/Foto_Prof.Valls_-circle.jpg\" alt=\"Foto_Prof.Valls\" itemprop=\"image\" height=\"277\" width=\"210\" title=\"Foto_Prof.Valls\"  \/><\/p>\n<h3><\/h3>\n<p>Josep Francesc Valls Gim\u00e9nez<\/p>\n<h3><\/h3>\n<p><b>Investigadores Auxiliares<\/b><\/p>\n<p>\t\t\t\t<img loading=\"lazy\" decoding=\"async\" src=\"http:\/\/turismo.uma.pt\/wp-content\/uploads\/bb-plugin\/cache\/LuisMota-circle.jpg\" alt=\"LuisMota\" itemprop=\"image\" height=\"827\" width=\"591\" title=\"LuisMota\"  \/><\/p>\n<h3><\/h3>\n<p>Lu\u00eds Mota<\/p>\n<p><strong>\u00a02\u00a0<\/strong><strong>\u00a0PERFIL E SATISFA\u00c7\u00c3O DO TURISTA<\/strong><\/p>\n<p><strong>Investigador Respons\u00e1vel<\/strong><\/p>\n<p>\t\t\t\t<img loading=\"lazy\" decoding=\"async\" src=\"http:\/\/turismo.uma.pt\/wp-content\/uploads\/bb-plugin\/cache\/Ant\u00f3nio-Almeida-2-circle.jpg\" alt=\"Ant\u00f3nio Almeida 2\" itemprop=\"image\" height=\"360\" width=\"480\" title=\"Ant\u00f3nio Almeida 2\"  \/><\/p>\n<h3><\/h3>\n<p>Ant\u00f3nio Almeida<\/p>\n<h3><\/h3>\n<p>\t\t\t\t<img decoding=\"async\" src=\"http:\/\/turismo.uma.pt\/wp-content\/uploads\/2018\/02\/PO_Madeira_PT2020_FEDER.png\" alt=\"PO_Madeira_PT2020_FEDER\" itemprop=\"image\" title=\"PO_Madeira_PT2020_FEDER\"  \/><\/p>\n","protected":false},"excerpt":{"rendered":"<p>Os 2 grandes focos de an\u00e1lise sobre o Market Madeira.\u00a0 &nbsp; \u00a01\u00a0\u00a0AN\u00c1LISE DA OFERTA COMPLEMENTAR DA R.A.M.\u00a0 &nbsp; \u00a01 .1\u00a0\u00a0OS RECURSOS TUR\u00cdSTICOS DESPORTIVOS: IDENTIFICA\u00c7\u00c3O, AVALIA\u00c7\u00c3O, ADEQUA\u00c7\u00c3O \u00c0 PROCURA E AN\u00c1LISE BENCHMARKING Neste momento em fun\u00e7\u00e3o dos meios dispon\u00edveis foram selecionadas tr\u00eas grandes linhas de for\u00e7a: 1- Recursos tur\u00edsticos desportivos: &#8211; Identifica\u00e7\u00e3o e avalia\u00e7\u00e3o dos recursos;&hellip;<\/p>\n","protected":false},"author":1,"featured_media":0,"parent":2147,"menu_order":0,"comment_status":"closed","ping_status":"closed","template":"fullwidth.php","meta":{"_monsterinsights_skip_tracking":false,"_monsterinsights_sitenote_active":false,"_monsterinsights_sitenote_note":"","_monsterinsights_sitenote_category":0,"_mc_calendar":[],"footnotes":""},"class_list":["post-2101","page","type-page","status-publish","hentry"],"yoast_head":"<!-- This site is optimized with the Yoast SEO plugin v27.4 - https:\/\/yoast.com\/product\/yoast-seo-wordpress\/ -->\n<title>Market - Projeto Turismo<\/title>\n<meta name=\"robots\" content=\"index, follow, max-snippet:-1, max-image-preview:large, max-video-preview:-1\" \/>\n<link rel=\"canonical\" href=\"https:\/\/turismo.uma.pt\/?page_id=2101\" \/>\n<meta property=\"og:locale\" content=\"pt_PT\" \/>\n<meta property=\"og:type\" content=\"article\" \/>\n<meta property=\"og:title\" content=\"Market - Projeto Turismo\" \/>\n<meta property=\"og:description\" content=\"Os 2 grandes focos de an\u00e1lise sobre o Market Madeira.\u00a0 &nbsp; \u00a01\u00a0\u00a0AN\u00c1LISE DA OFERTA COMPLEMENTAR DA R.A.M.\u00a0 &nbsp; \u00a01 .1\u00a0\u00a0OS RECURSOS TUR\u00cdSTICOS DESPORTIVOS: IDENTIFICA\u00c7\u00c3O, AVALIA\u00c7\u00c3O, ADEQUA\u00c7\u00c3O \u00c0 PROCURA E AN\u00c1LISE BENCHMARKING Neste momento em fun\u00e7\u00e3o dos meios dispon\u00edveis foram selecionadas tr\u00eas grandes linhas de for\u00e7a: 1- Recursos tur\u00edsticos desportivos: &#8211; Identifica\u00e7\u00e3o e avalia\u00e7\u00e3o dos recursos;&hellip;\" \/>\n<meta property=\"og:url\" content=\"https:\/\/turismo.uma.pt\/?page_id=2101\" \/>\n<meta property=\"og:site_name\" content=\"Projeto Turismo\" \/>\n<meta property=\"article:modified_time\" content=\"2019-07-17T13:48:56+00:00\" \/>\n<meta property=\"og:image\" content=\"http:\/\/turismo.uma.pt\/wp-content\/uploads\/bb-plugin\/cache\/helder-lopes-150x150-circle.jpg\" \/>\n<meta name=\"twitter:card\" content=\"summary_large_image\" \/>\n<meta name=\"twitter:label1\" content=\"Tempo estimado de leitura\" \/>\n\t<meta name=\"twitter:data1\" content=\"1 minuto\" \/>\n<script type=\"application\/ld+json\" class=\"yoast-schema-graph\">{\"@context\":\"https:\\\/\\\/schema.org\",\"@graph\":[{\"@type\":\"WebPage\",\"@id\":\"https:\\\/\\\/turismo.uma.pt\\\/?page_id=2101\",\"url\":\"https:\\\/\\\/turismo.uma.pt\\\/?page_id=2101\",\"name\":\"Market - Projeto Turismo\",\"isPartOf\":{\"@id\":\"https:\\\/\\\/turismo.uma.pt\\\/#website\"},\"primaryImageOfPage\":{\"@id\":\"https:\\\/\\\/turismo.uma.pt\\\/?page_id=2101#primaryimage\"},\"image\":{\"@id\":\"https:\\\/\\\/turismo.uma.pt\\\/?page_id=2101#primaryimage\"},\"thumbnailUrl\":\"http:\\\/\\\/turismo.uma.pt\\\/wp-content\\\/uploads\\\/bb-plugin\\\/cache\\\/helder-lopes-150x150-circle.jpg\",\"datePublished\":\"2018-03-06T10:12:47+00:00\",\"dateModified\":\"2019-07-17T13:48:56+00:00\",\"breadcrumb\":{\"@id\":\"https:\\\/\\\/turismo.uma.pt\\\/?page_id=2101#breadcrumb\"},\"inLanguage\":\"pt-PT\",\"potentialAction\":[{\"@type\":\"ReadAction\",\"target\":[\"https:\\\/\\\/turismo.uma.pt\\\/?page_id=2101\"]}]},{\"@type\":\"ImageObject\",\"inLanguage\":\"pt-PT\",\"@id\":\"https:\\\/\\\/turismo.uma.pt\\\/?page_id=2101#primaryimage\",\"url\":\"http:\\\/\\\/turismo.uma.pt\\\/wp-content\\\/uploads\\\/bb-plugin\\\/cache\\\/helder-lopes-150x150-circle.jpg\",\"contentUrl\":\"http:\\\/\\\/turismo.uma.pt\\\/wp-content\\\/uploads\\\/bb-plugin\\\/cache\\\/helder-lopes-150x150-circle.jpg\"},{\"@type\":\"BreadcrumbList\",\"@id\":\"https:\\\/\\\/turismo.uma.pt\\\/?page_id=2101#breadcrumb\",\"itemListElement\":[{\"@type\":\"ListItem\",\"position\":1,\"name\":\"Centro de Investiga\u00e7\u00e3o, Desenvolvimento e Inova\u00e7\u00e3o em Turismo (Polo Madeira)\",\"item\":\"https:\\\/\\\/turismo.uma.pt\\\/?page_id=959\"},{\"@type\":\"ListItem\",\"position\":2,\"name\":\"Os Nossos Estudos Cient\u00edficos\",\"item\":\"https:\\\/\\\/turismo.uma.pt\\\/?page_id=13\"},{\"@type\":\"ListItem\",\"position\":3,\"name\":\"Investiga\u00e7\u00e3o a Decorrer\",\"item\":\"https:\\\/\\\/turismo.uma.pt\\\/?page_id=2147\"},{\"@type\":\"ListItem\",\"position\":4,\"name\":\"Market\"}]},{\"@type\":\"WebSite\",\"@id\":\"https:\\\/\\\/turismo.uma.pt\\\/#website\",\"url\":\"https:\\\/\\\/turismo.uma.pt\\\/\",\"name\":\"Projeto Turismo\",\"description\":\"Universidade da Madeira\",\"potentialAction\":[{\"@type\":\"SearchAction\",\"target\":{\"@type\":\"EntryPoint\",\"urlTemplate\":\"https:\\\/\\\/turismo.uma.pt\\\/?s={search_term_string}\"},\"query-input\":{\"@type\":\"PropertyValueSpecification\",\"valueRequired\":true,\"valueName\":\"search_term_string\"}}],\"inLanguage\":\"pt-PT\"}]}<\/script>\n<!-- \/ Yoast SEO plugin. -->","yoast_head_json":{"title":"Market - Projeto Turismo","robots":{"index":"index","follow":"follow","max-snippet":"max-snippet:-1","max-image-preview":"max-image-preview:large","max-video-preview":"max-video-preview:-1"},"canonical":"https:\/\/turismo.uma.pt\/?page_id=2101","og_locale":"pt_PT","og_type":"article","og_title":"Market - Projeto Turismo","og_description":"Os 2 grandes focos de an\u00e1lise sobre o Market Madeira.\u00a0 &nbsp; \u00a01\u00a0\u00a0AN\u00c1LISE DA OFERTA COMPLEMENTAR DA R.A.M.\u00a0 &nbsp; \u00a01 .1\u00a0\u00a0OS RECURSOS TUR\u00cdSTICOS DESPORTIVOS: IDENTIFICA\u00c7\u00c3O, AVALIA\u00c7\u00c3O, ADEQUA\u00c7\u00c3O \u00c0 PROCURA E AN\u00c1LISE BENCHMARKING Neste momento em fun\u00e7\u00e3o dos meios dispon\u00edveis foram selecionadas tr\u00eas grandes linhas de for\u00e7a: 1- Recursos tur\u00edsticos desportivos: &#8211; Identifica\u00e7\u00e3o e avalia\u00e7\u00e3o dos recursos;&hellip;","og_url":"https:\/\/turismo.uma.pt\/?page_id=2101","og_site_name":"Projeto Turismo","article_modified_time":"2019-07-17T13:48:56+00:00","og_image":[{"url":"http:\/\/turismo.uma.pt\/wp-content\/uploads\/bb-plugin\/cache\/helder-lopes-150x150-circle.jpg","type":"","width":"","height":""}],"twitter_card":"summary_large_image","twitter_misc":{"Tempo estimado de leitura":"1 minuto"},"schema":{"@context":"https:\/\/schema.org","@graph":[{"@type":"WebPage","@id":"https:\/\/turismo.uma.pt\/?page_id=2101","url":"https:\/\/turismo.uma.pt\/?page_id=2101","name":"Market - Projeto Turismo","isPartOf":{"@id":"https:\/\/turismo.uma.pt\/#website"},"primaryImageOfPage":{"@id":"https:\/\/turismo.uma.pt\/?page_id=2101#primaryimage"},"image":{"@id":"https:\/\/turismo.uma.pt\/?page_id=2101#primaryimage"},"thumbnailUrl":"http:\/\/turismo.uma.pt\/wp-content\/uploads\/bb-plugin\/cache\/helder-lopes-150x150-circle.jpg","datePublished":"2018-03-06T10:12:47+00:00","dateModified":"2019-07-17T13:48:56+00:00","breadcrumb":{"@id":"https:\/\/turismo.uma.pt\/?page_id=2101#breadcrumb"},"inLanguage":"pt-PT","potentialAction":[{"@type":"ReadAction","target":["https:\/\/turismo.uma.pt\/?page_id=2101"]}]},{"@type":"ImageObject","inLanguage":"pt-PT","@id":"https:\/\/turismo.uma.pt\/?page_id=2101#primaryimage","url":"http:\/\/turismo.uma.pt\/wp-content\/uploads\/bb-plugin\/cache\/helder-lopes-150x150-circle.jpg","contentUrl":"http:\/\/turismo.uma.pt\/wp-content\/uploads\/bb-plugin\/cache\/helder-lopes-150x150-circle.jpg"},{"@type":"BreadcrumbList","@id":"https:\/\/turismo.uma.pt\/?page_id=2101#breadcrumb","itemListElement":[{"@type":"ListItem","position":1,"name":"Centro de Investiga\u00e7\u00e3o, Desenvolvimento e Inova\u00e7\u00e3o em Turismo (Polo Madeira)","item":"https:\/\/turismo.uma.pt\/?page_id=959"},{"@type":"ListItem","position":2,"name":"Os Nossos Estudos Cient\u00edficos","item":"https:\/\/turismo.uma.pt\/?page_id=13"},{"@type":"ListItem","position":3,"name":"Investiga\u00e7\u00e3o a Decorrer","item":"https:\/\/turismo.uma.pt\/?page_id=2147"},{"@type":"ListItem","position":4,"name":"Market"}]},{"@type":"WebSite","@id":"https:\/\/turismo.uma.pt\/#website","url":"https:\/\/turismo.uma.pt\/","name":"Projeto Turismo","description":"Universidade da Madeira","potentialAction":[{"@type":"SearchAction","target":{"@type":"EntryPoint","urlTemplate":"https:\/\/turismo.uma.pt\/?s={search_term_string}"},"query-input":{"@type":"PropertyValueSpecification","valueRequired":true,"valueName":"search_term_string"}}],"inLanguage":"pt-PT"}]}},"_links":{"self":[{"href":"https:\/\/turismo.uma.pt\/index.php?rest_route=\/wp\/v2\/pages\/2101","targetHints":{"allow":["GET"]}}],"collection":[{"href":"https:\/\/turismo.uma.pt\/index.php?rest_route=\/wp\/v2\/pages"}],"about":[{"href":"https:\/\/turismo.uma.pt\/index.php?rest_route=\/wp\/v2\/types\/page"}],"author":[{"embeddable":true,"href":"https:\/\/turismo.uma.pt\/index.php?rest_route=\/wp\/v2\/users\/1"}],"replies":[{"embeddable":true,"href":"https:\/\/turismo.uma.pt\/index.php?rest_route=%2Fwp%2Fv2%2Fcomments&post=2101"}],"version-history":[{"count":49,"href":"https:\/\/turismo.uma.pt\/index.php?rest_route=\/wp\/v2\/pages\/2101\/revisions"}],"predecessor-version":[{"id":3265,"href":"https:\/\/turismo.uma.pt\/index.php?rest_route=\/wp\/v2\/pages\/2101\/revisions\/3265"}],"up":[{"embeddable":true,"href":"https:\/\/turismo.uma.pt\/index.php?rest_route=\/wp\/v2\/pages\/2147"}],"wp:attachment":[{"href":"https:\/\/turismo.uma.pt\/index.php?rest_route=%2Fwp%2Fv2%2Fmedia&parent=2101"}],"curies":[{"name":"wp","href":"https:\/\/api.w.org\/{rel}","templated":true}]}}