{"id":3334,"date":"2019-08-29T10:47:50","date_gmt":"2019-08-29T10:47:50","guid":{"rendered":"http:\/\/turismo.uma.pt\/?page_id=3334"},"modified":"2020-06-26T18:16:45","modified_gmt":"2020-06-26T18:16:45","slug":"investigacao-publicada-2019","status":"publish","type":"page","link":"https:\/\/turismo.uma.pt\/?page_id=3334","title":{"rendered":"2019 &#8211; Artigos Cient\u00edficos Publicados"},"content":{"rendered":"<h1>\n\t\tTurismo Patrim\u00f3nio e Cultura na Era das Redes Sociais: O Caso da Ilha da Madeira<br \/>\n\t<\/h1>\n<p>\t\t\t<a href=\"http:\/\/turismo.uma.pt\/wp-content\/uploads\/2020\/06\/Turismo-Patrim\u00f3nio-e-Cultura-na-Era-das-Redes-Sociais.pdf\" target=\"_blank\" role=\"button\" rel=\"noopener\" ><br \/>\n\t\t\t\t\t\t\tDispon\u00edvel<br \/>\n\t\t\t\t\t<\/a><br \/>\n\t\t\t<a href=\"http:\/\/turismo.uma.pt\/wp-content\/uploads\/2020\/06\/Turismo-Patrim\u00f3nio-e-Cultura-na-Era-das-Redes-Sociais.pdf\" target=\"_self\" role=\"button\"><br \/>\n\t\t\t\t\t\tMendes, Geraldine &#038; Teixeira, S\u00e9rgio (Forthcoming), Turismo, Patrim\u00f3nio e Cultura na Era das Redes Sociais: O caso da Ilha da Madeira #Viajamos para partilhar, Revista Turismo &#038; Desenvolvimento (RT&#038;D), Aveiro, Portugal. [Indexed: SCOPUS]<br \/>\n\t\t\t\t\t<\/a><\/p>\n<h1>\n\t\tQuality Management in Tourism Services &#8211; A Literature Review and Case Study (Madeira)<br \/>\n\t<\/h1>\n<p>\t\t\t<a href=\"\" target=\"_self\" role=\"button\"><br \/>\n\t\t\t\t\t\t\tDispon\u00edvel<br \/>\n\t\t\t\t\t<\/a><br \/>\n\t\t\t<a href=\"http:\/\/turismo.uma.pt\/wp-content\/uploads\/2019\/11\/S\u00e9rgio-Teixeira_Scopus.pdf\" target=\"_blank\" role=\"button\" rel=\"noopener\" ><br \/>\n\t\t\t\t\t\tTeixeira, S\u00e9rgio J. (2019), Quality Management in Tourism Services &#8211; A Literature Review and Case Study, Revista Turismo &#038; Desenvolvimento (RT&#038;D), Aveiro, Portugal. [Indexed: SCOPUS].<br \/>\n\t\t\t\t\t<\/a><\/p>\n<h1>\n\t\tAttractiveness of Cultural Events Organized by Hotels<br \/>\n\t<\/h1>\n<p>\t\t\t<a href=\"\" target=\"_self\" role=\"button\"><br \/>\n\t\t\t\t\t\t\tDispon\u00edvel mediante pedido ao autor<br \/>\n\t\t\t\t\t<\/a><br \/>\n\t\t\t<a href=\"https:\/\/www.researchgate.net\/publication\/332818555_Attractiveness_of_cultural_events_organized_by_hotels\" target=\"_self\" role=\"button\"><br \/>\n\t\t\t\t\t\tFreitas, B., &#038; Correia, P., (2019). Attractiveness of cultural events organized by hotels. International Journal of Culture, Tourism, and Hospitality Research;\u00a0\u00a0\u00a0\u00a0<br \/>\n\t\t\t\t\t<\/a><\/p>\n<h1>\n\t\t Opportunities for Slow Tourism in Madeira<br \/>\n\t<\/h1>\n<p>\t\t\t<a href=\"\" target=\"_self\" role=\"button\"><br \/>\n\t\t\t\t\t\t\tDispon\u00edvel<br \/>\n\t\t\t\t\t<\/a><br \/>\n\t\t\t<a href=\"http:\/\/turismo.uma.pt\/wp-content\/uploads\/2020\/02\/sustainability-11-04534.pdf\" target=\"_self\" role=\"button\"><br \/>\n\t\t\t\t\t\tValls, J.F., Mota, L., Vieira, S., &#038; Santos, R. (2019). Opportunities for Slow Tourism in Madeira. Sustainability, 11(17), 4534. https:\/\/doi.org\/10.3390\/su11174534<br \/>\n\t\t\t\t\t<\/a><\/p>\n<h1>\n\t\tSport Tourism and Destination Planning<br \/>\n\t<\/h1>\n<p>\t\t\t<a href=\"\" target=\"_self\" role=\"button\"><br \/>\n\t\t\t\t\t\t\tDispon\u00edvel<br \/>\n\t\t\t\t\t<\/a><br \/>\n\t\t\t<a href=\"http:\/\/turismo.uma.pt\/wp-content\/uploads\/2019\/11\/Josep-Valls_-Motricidade.pdf\" target=\"_self\" role=\"button\"><br \/>\n\t\t\t\t\t\tValls, J.F., Mota, L., &#038; Franco, M. (2019). &#8220;Sport tourism and destination planning&#8221;. Motricidade, 15(S2), 13-18. http:\/\/dx.doi.org\/10.6063\/motricidade.18360\ufeff<br \/>\n\t\t\t\t\t<\/a><\/p>\n<h1>\n\t\tTourist events and satisfaction: A product of regional tourism competitiveness (Madeira)<br \/>\n\t<\/h1>\n<p>\t\t\t<a href=\"\" target=\"_self\" role=\"button\"><br \/>\n\t\t\t\t\t\t\tDispon\u00edvel mediante pedido ao autor<br \/>\n\t\t\t\t\t<\/a><br \/>\n\t\t\t<a href=\"https:\/\/www.emerald.com\/insight\/content\/doi\/10.1108\/TR-12-2018-0181\/full\/html\" target=\"_self\" role=\"button\"><br \/>\n\t\t\t\t\t\tTeixeira, S., Ferreira, J., Almeida, A., Parra-L\u00f3pez, E (2019), &#8220;Tourist events and satisfaction: A product of regional tourism competitiveness&#8221;, Tourism Review, Emerald. [Indexed: SCOPUS; ESCI -Emerging Sources Citation Index]. ISI<br \/>\n\t\t\t\t\t<\/a><\/p>\n","protected":false},"excerpt":{"rendered":"<p>Turismo Patrim\u00f3nio e Cultura na Era das Redes Sociais: O Caso da Ilha da Madeira Dispon\u00edvel Mendes, Geraldine &#038; Teixeira, S\u00e9rgio (Forthcoming), Turismo, Patrim\u00f3nio e Cultura na Era das Redes Sociais: O caso da Ilha da Madeira #Viajamos para partilhar, Revista Turismo &#038; Desenvolvimento (RT&#038;D), Aveiro, Portugal. [Indexed: SCOPUS] Quality Management in Tourism Services &#8211;&hellip;<\/p>\n","protected":false},"author":1,"featured_media":0,"parent":1452,"menu_order":0,"comment_status":"closed","ping_status":"closed","template":"fullwidth.php","meta":{"_monsterinsights_skip_tracking":false,"_monsterinsights_sitenote_active":false,"_monsterinsights_sitenote_note":"","_monsterinsights_sitenote_category":0,"_mc_calendar":[],"footnotes":""},"class_list":["post-3334","page","type-page","status-publish","hentry"],"yoast_head":"<!-- This site is optimized with the Yoast SEO plugin v27.4 - https:\/\/yoast.com\/product\/yoast-seo-wordpress\/ -->\n<title>2019 - Artigos Cient\u00edficos Publicados - Projeto Turismo<\/title>\n<meta name=\"robots\" content=\"index, follow, max-snippet:-1, max-image-preview:large, max-video-preview:-1\" \/>\n<link rel=\"canonical\" href=\"https:\/\/turismo.uma.pt\/?page_id=3334\" \/>\n<meta property=\"og:locale\" content=\"pt_PT\" \/>\n<meta property=\"og:type\" content=\"article\" \/>\n<meta property=\"og:title\" content=\"2019 - Artigos Cient\u00edficos Publicados - Projeto Turismo\" \/>\n<meta property=\"og:description\" content=\"Turismo Patrim\u00f3nio e Cultura na Era das Redes Sociais: O Caso da Ilha da Madeira Dispon\u00edvel Mendes, Geraldine &#038; Teixeira, S\u00e9rgio (Forthcoming), Turismo, Patrim\u00f3nio e Cultura na Era das Redes Sociais: O caso da Ilha da Madeira #Viajamos para partilhar, Revista Turismo &#038; Desenvolvimento (RT&#038;D), Aveiro, Portugal. [Indexed: SCOPUS] Quality Management in Tourism Services &#8211;&hellip;\" \/>\n<meta property=\"og:url\" content=\"https:\/\/turismo.uma.pt\/?page_id=3334\" \/>\n<meta property=\"og:site_name\" content=\"Projeto Turismo\" \/>\n<meta property=\"article:modified_time\" content=\"2020-06-26T18:16:45+00:00\" \/>\n<meta name=\"twitter:card\" content=\"summary_large_image\" \/>\n<meta name=\"twitter:label1\" content=\"Tempo estimado de leitura\" \/>\n\t<meta name=\"twitter:data1\" content=\"1 minuto\" \/>\n<script type=\"application\/ld+json\" class=\"yoast-schema-graph\">{\"@context\":\"https:\\\/\\\/schema.org\",\"@graph\":[{\"@type\":\"WebPage\",\"@id\":\"https:\\\/\\\/turismo.uma.pt\\\/?page_id=3334\",\"url\":\"https:\\\/\\\/turismo.uma.pt\\\/?page_id=3334\",\"name\":\"2019 - Artigos Cient\u00edficos Publicados - Projeto Turismo\",\"isPartOf\":{\"@id\":\"https:\\\/\\\/turismo.uma.pt\\\/#website\"},\"datePublished\":\"2019-08-29T10:47:50+00:00\",\"dateModified\":\"2020-06-26T18:16:45+00:00\",\"breadcrumb\":{\"@id\":\"https:\\\/\\\/turismo.uma.pt\\\/?page_id=3334#breadcrumb\"},\"inLanguage\":\"pt-PT\",\"potentialAction\":[{\"@type\":\"ReadAction\",\"target\":[\"https:\\\/\\\/turismo.uma.pt\\\/?page_id=3334\"]}]},{\"@type\":\"BreadcrumbList\",\"@id\":\"https:\\\/\\\/turismo.uma.pt\\\/?page_id=3334#breadcrumb\",\"itemListElement\":[{\"@type\":\"ListItem\",\"position\":1,\"name\":\"Centro de Investiga\u00e7\u00e3o, Desenvolvimento e Inova\u00e7\u00e3o em Turismo (Polo Madeira)\",\"item\":\"https:\\\/\\\/turismo.uma.pt\\\/?page_id=959\"},{\"@type\":\"ListItem\",\"position\":2,\"name\":\"Os Nossos Estudos Cient\u00edficos\",\"item\":\"https:\\\/\\\/turismo.uma.pt\\\/?page_id=13\"},{\"@type\":\"ListItem\",\"position\":3,\"name\":\"Artigos Cient\u00edficos Publicados\",\"item\":\"https:\\\/\\\/turismo.uma.pt\\\/?page_id=1452\"},{\"@type\":\"ListItem\",\"position\":4,\"name\":\"2019 &#8211; Artigos Cient\u00edficos Publicados\"}]},{\"@type\":\"WebSite\",\"@id\":\"https:\\\/\\\/turismo.uma.pt\\\/#website\",\"url\":\"https:\\\/\\\/turismo.uma.pt\\\/\",\"name\":\"Projeto Turismo\",\"description\":\"Universidade da Madeira\",\"potentialAction\":[{\"@type\":\"SearchAction\",\"target\":{\"@type\":\"EntryPoint\",\"urlTemplate\":\"https:\\\/\\\/turismo.uma.pt\\\/?s={search_term_string}\"},\"query-input\":{\"@type\":\"PropertyValueSpecification\",\"valueRequired\":true,\"valueName\":\"search_term_string\"}}],\"inLanguage\":\"pt-PT\"}]}<\/script>\n<!-- \/ Yoast SEO plugin. -->","yoast_head_json":{"title":"2019 - Artigos Cient\u00edficos Publicados - Projeto Turismo","robots":{"index":"index","follow":"follow","max-snippet":"max-snippet:-1","max-image-preview":"max-image-preview:large","max-video-preview":"max-video-preview:-1"},"canonical":"https:\/\/turismo.uma.pt\/?page_id=3334","og_locale":"pt_PT","og_type":"article","og_title":"2019 - Artigos Cient\u00edficos Publicados - Projeto Turismo","og_description":"Turismo Patrim\u00f3nio e Cultura na Era das Redes Sociais: O Caso da Ilha da Madeira Dispon\u00edvel Mendes, Geraldine &#038; Teixeira, S\u00e9rgio (Forthcoming), Turismo, Patrim\u00f3nio e Cultura na Era das Redes Sociais: O caso da Ilha da Madeira #Viajamos para partilhar, Revista Turismo &#038; Desenvolvimento (RT&#038;D), Aveiro, Portugal. [Indexed: SCOPUS] Quality Management in Tourism Services &#8211;&hellip;","og_url":"https:\/\/turismo.uma.pt\/?page_id=3334","og_site_name":"Projeto Turismo","article_modified_time":"2020-06-26T18:16:45+00:00","twitter_card":"summary_large_image","twitter_misc":{"Tempo estimado de leitura":"1 minuto"},"schema":{"@context":"https:\/\/schema.org","@graph":[{"@type":"WebPage","@id":"https:\/\/turismo.uma.pt\/?page_id=3334","url":"https:\/\/turismo.uma.pt\/?page_id=3334","name":"2019 - Artigos Cient\u00edficos Publicados - Projeto Turismo","isPartOf":{"@id":"https:\/\/turismo.uma.pt\/#website"},"datePublished":"2019-08-29T10:47:50+00:00","dateModified":"2020-06-26T18:16:45+00:00","breadcrumb":{"@id":"https:\/\/turismo.uma.pt\/?page_id=3334#breadcrumb"},"inLanguage":"pt-PT","potentialAction":[{"@type":"ReadAction","target":["https:\/\/turismo.uma.pt\/?page_id=3334"]}]},{"@type":"BreadcrumbList","@id":"https:\/\/turismo.uma.pt\/?page_id=3334#breadcrumb","itemListElement":[{"@type":"ListItem","position":1,"name":"Centro de Investiga\u00e7\u00e3o, Desenvolvimento e Inova\u00e7\u00e3o em Turismo (Polo Madeira)","item":"https:\/\/turismo.uma.pt\/?page_id=959"},{"@type":"ListItem","position":2,"name":"Os Nossos Estudos Cient\u00edficos","item":"https:\/\/turismo.uma.pt\/?page_id=13"},{"@type":"ListItem","position":3,"name":"Artigos Cient\u00edficos Publicados","item":"https:\/\/turismo.uma.pt\/?page_id=1452"},{"@type":"ListItem","position":4,"name":"2019 &#8211; Artigos Cient\u00edficos Publicados"}]},{"@type":"WebSite","@id":"https:\/\/turismo.uma.pt\/#website","url":"https:\/\/turismo.uma.pt\/","name":"Projeto Turismo","description":"Universidade da Madeira","potentialAction":[{"@type":"SearchAction","target":{"@type":"EntryPoint","urlTemplate":"https:\/\/turismo.uma.pt\/?s={search_term_string}"},"query-input":{"@type":"PropertyValueSpecification","valueRequired":true,"valueName":"search_term_string"}}],"inLanguage":"pt-PT"}]}},"_links":{"self":[{"href":"https:\/\/turismo.uma.pt\/index.php?rest_route=\/wp\/v2\/pages\/3334","targetHints":{"allow":["GET"]}}],"collection":[{"href":"https:\/\/turismo.uma.pt\/index.php?rest_route=\/wp\/v2\/pages"}],"about":[{"href":"https:\/\/turismo.uma.pt\/index.php?rest_route=\/wp\/v2\/types\/page"}],"author":[{"embeddable":true,"href":"https:\/\/turismo.uma.pt\/index.php?rest_route=\/wp\/v2\/users\/1"}],"replies":[{"embeddable":true,"href":"https:\/\/turismo.uma.pt\/index.php?rest_route=%2Fwp%2Fv2%2Fcomments&post=3334"}],"version-history":[{"count":24,"href":"https:\/\/turismo.uma.pt\/index.php?rest_route=\/wp\/v2\/pages\/3334\/revisions"}],"predecessor-version":[{"id":3874,"href":"https:\/\/turismo.uma.pt\/index.php?rest_route=\/wp\/v2\/pages\/3334\/revisions\/3874"}],"up":[{"embeddable":true,"href":"https:\/\/turismo.uma.pt\/index.php?rest_route=\/wp\/v2\/pages\/1452"}],"wp:attachment":[{"href":"https:\/\/turismo.uma.pt\/index.php?rest_route=%2Fwp%2Fv2%2Fmedia&parent=3334"}],"curies":[{"name":"wp","href":"https:\/\/api.w.org\/{rel}","templated":true}]}}