{"id":3354,"date":"2019-08-29T11:16:08","date_gmt":"2019-08-29T11:16:08","guid":{"rendered":"http:\/\/turismo.uma.pt\/?page_id=3354"},"modified":"2020-06-26T18:14:37","modified_gmt":"2020-06-26T18:14:37","slug":"investigacao-publicada-2016","status":"publish","type":"page","link":"https:\/\/turismo.uma.pt\/?page_id=3354","title":{"rendered":"2016 \u2013 Artigos Cient\u00edficos Publicados"},"content":{"rendered":"<h1>\n\t\tA CATREG Model of Destination Choice for Mature Island Destination<br \/>\n\t<\/h1>\n<p>\t\t\t<a href=\"\" target=\"_self\" role=\"button\"><br \/>\n\t\t\t\t\t\t\tDispon\u00edvel<br \/>\n\t\t\t\t\t<\/a><br \/>\n\t\t\t<a href=\"https:\/\/www.sciencedirect.com\/science\/article\/pii\/S2212571X16301974?via%3Dihub\" target=\"_self\" role=\"button\"><br \/>\n\t\t\t\t\t\tAlmeida, A., Garrod, B. (2016),\u00a0A CATREG Model of Destination Choice for Mature Island Destination,\u00a0Journal of Destination Marketing &#038; Management.\u00a0https:\/\/doi.org\/10.1016\/j.jdmm.2016.11.005<br \/>\n\t\t\t\t\t<\/a><\/p>\n<h1>\n\t\tInsights from Analysing Tourist Expenditure Using Quantile Regression<br \/>\n\t<\/h1>\n<p>\t\t\t<a href=\"\" target=\"_self\" role=\"button\"><br \/>\n\t\t\t\t\t\t\tDispon\u00edvel mediante pedido<br \/>\n\t\t\t\t\t<\/a><br \/>\n\t\t\t<a href=\"https:\/\/journals.sagepub.com\/doi\/abs\/10.1177\/1354816616668108?journalCode=teua&#038;\" target=\"_self\" role=\"button\"><br \/>\n\t\t\t\t\t\tAlmeida, A., Garrod, B. (2016),\u00a0Insights from analysing tourist expenditure using quantile regression,\u00a0Tourism Economics. https:\/\/doi.org\/10.1177\/<br \/>\n\t\t\t\t\t<\/a><\/p>\n<h1>\n\t\tModelling Tourism Demand in Madeira Since 1946: And Historical Overview Based on a Time Series Approach<br \/>\n\t<\/h1>\n<p>\t\t\t<a href=\"\" target=\"_self\" role=\"button\"><br \/>\n\t\t\t\t\t\t\tDispon\u00edvel<br \/>\n\t\t\t\t\t<\/a><br \/>\n\t\t\t<a href=\"https:\/\/www.jsod-cieo.net\/journal\/index.php\/jsod\/article\/view\/68\/66\" target=\"_self\" role=\"button\"><br \/>\n\t\t\t\t\t\tAlmeida, A. (2016),\u00a0Modelling Tourism Demand in Madeira Since 1946: And Historical Overview Based on a Time Series Approach,\u00a0Spatial and Organizational Dynamics\u00a0145-157.\u00a0<br \/>\n\t\t\t\t\t<\/a><\/p>\n","protected":false},"excerpt":{"rendered":"<p>A CATREG Model of Destination Choice for Mature Island Destination Dispon\u00edvel Almeida, A., Garrod, B. (2016),\u00a0A CATREG Model of Destination Choice for Mature Island Destination,\u00a0Journal of Destination Marketing &#038; Management.\u00a0https:\/\/doi.org\/10.1016\/j.jdmm.2016.11.005 Insights from Analysing Tourist Expenditure Using Quantile Regression Dispon\u00edvel mediante pedido Almeida, A., Garrod, B. (2016),\u00a0Insights from analysing tourist expenditure using quantile regression,\u00a0Tourism Economics. https:\/\/doi.org\/10.1177\/&hellip;<\/p>\n","protected":false},"author":1,"featured_media":0,"parent":1452,"menu_order":0,"comment_status":"closed","ping_status":"closed","template":"fullwidth.php","meta":{"_monsterinsights_skip_tracking":false,"_monsterinsights_sitenote_active":false,"_monsterinsights_sitenote_note":"","_monsterinsights_sitenote_category":0,"_mc_calendar":[],"footnotes":""},"class_list":["post-3354","page","type-page","status-publish","hentry"],"yoast_head":"<!-- This site is optimized with the Yoast SEO plugin v27.4 - https:\/\/yoast.com\/product\/yoast-seo-wordpress\/ -->\n<title>2016 \u2013 Artigos Cient\u00edficos Publicados - Projeto Turismo<\/title>\n<meta name=\"robots\" content=\"index, follow, max-snippet:-1, max-image-preview:large, max-video-preview:-1\" \/>\n<link rel=\"canonical\" href=\"https:\/\/turismo.uma.pt\/?page_id=3354\" \/>\n<meta property=\"og:locale\" content=\"pt_PT\" \/>\n<meta property=\"og:type\" content=\"article\" \/>\n<meta property=\"og:title\" content=\"2016 \u2013 Artigos Cient\u00edficos Publicados - Projeto Turismo\" \/>\n<meta property=\"og:description\" content=\"A CATREG Model of Destination Choice for Mature Island Destination Dispon\u00edvel Almeida, A., Garrod, B. (2016),\u00a0A CATREG Model of Destination Choice for Mature Island Destination,\u00a0Journal of Destination Marketing &#038; Management.\u00a0https:\/\/doi.org\/10.1016\/j.jdmm.2016.11.005 Insights from Analysing Tourist Expenditure Using Quantile Regression Dispon\u00edvel mediante pedido Almeida, A., Garrod, B. (2016),\u00a0Insights from analysing tourist expenditure using quantile regression,\u00a0Tourism Economics. https:\/\/doi.org\/10.1177\/&hellip;\" \/>\n<meta property=\"og:url\" content=\"https:\/\/turismo.uma.pt\/?page_id=3354\" \/>\n<meta property=\"og:site_name\" content=\"Projeto Turismo\" \/>\n<meta property=\"article:modified_time\" content=\"2020-06-26T18:14:37+00:00\" \/>\n<meta name=\"twitter:card\" content=\"summary_large_image\" \/>\n<meta name=\"twitter:label1\" content=\"Tempo estimado de leitura\" \/>\n\t<meta name=\"twitter:data1\" content=\"1 minuto\" \/>\n<script type=\"application\/ld+json\" class=\"yoast-schema-graph\">{\"@context\":\"https:\\\/\\\/schema.org\",\"@graph\":[{\"@type\":\"WebPage\",\"@id\":\"https:\\\/\\\/turismo.uma.pt\\\/?page_id=3354\",\"url\":\"https:\\\/\\\/turismo.uma.pt\\\/?page_id=3354\",\"name\":\"2016 \u2013 Artigos Cient\u00edficos Publicados - Projeto Turismo\",\"isPartOf\":{\"@id\":\"https:\\\/\\\/turismo.uma.pt\\\/#website\"},\"datePublished\":\"2019-08-29T11:16:08+00:00\",\"dateModified\":\"2020-06-26T18:14:37+00:00\",\"breadcrumb\":{\"@id\":\"https:\\\/\\\/turismo.uma.pt\\\/?page_id=3354#breadcrumb\"},\"inLanguage\":\"pt-PT\",\"potentialAction\":[{\"@type\":\"ReadAction\",\"target\":[\"https:\\\/\\\/turismo.uma.pt\\\/?page_id=3354\"]}]},{\"@type\":\"BreadcrumbList\",\"@id\":\"https:\\\/\\\/turismo.uma.pt\\\/?page_id=3354#breadcrumb\",\"itemListElement\":[{\"@type\":\"ListItem\",\"position\":1,\"name\":\"Centro de Investiga\u00e7\u00e3o, Desenvolvimento e Inova\u00e7\u00e3o em Turismo (Polo Madeira)\",\"item\":\"https:\\\/\\\/turismo.uma.pt\\\/?page_id=959\"},{\"@type\":\"ListItem\",\"position\":2,\"name\":\"Os Nossos Estudos Cient\u00edficos\",\"item\":\"https:\\\/\\\/turismo.uma.pt\\\/?page_id=13\"},{\"@type\":\"ListItem\",\"position\":3,\"name\":\"Artigos Cient\u00edficos Publicados\",\"item\":\"https:\\\/\\\/turismo.uma.pt\\\/?page_id=1452\"},{\"@type\":\"ListItem\",\"position\":4,\"name\":\"2016 \u2013 Artigos Cient\u00edficos Publicados\"}]},{\"@type\":\"WebSite\",\"@id\":\"https:\\\/\\\/turismo.uma.pt\\\/#website\",\"url\":\"https:\\\/\\\/turismo.uma.pt\\\/\",\"name\":\"Projeto Turismo\",\"description\":\"Universidade da Madeira\",\"potentialAction\":[{\"@type\":\"SearchAction\",\"target\":{\"@type\":\"EntryPoint\",\"urlTemplate\":\"https:\\\/\\\/turismo.uma.pt\\\/?s={search_term_string}\"},\"query-input\":{\"@type\":\"PropertyValueSpecification\",\"valueRequired\":true,\"valueName\":\"search_term_string\"}}],\"inLanguage\":\"pt-PT\"}]}<\/script>\n<!-- \/ Yoast SEO plugin. -->","yoast_head_json":{"title":"2016 \u2013 Artigos Cient\u00edficos Publicados - Projeto Turismo","robots":{"index":"index","follow":"follow","max-snippet":"max-snippet:-1","max-image-preview":"max-image-preview:large","max-video-preview":"max-video-preview:-1"},"canonical":"https:\/\/turismo.uma.pt\/?page_id=3354","og_locale":"pt_PT","og_type":"article","og_title":"2016 \u2013 Artigos Cient\u00edficos Publicados - Projeto Turismo","og_description":"A CATREG Model of Destination Choice for Mature Island Destination Dispon\u00edvel Almeida, A., Garrod, B. (2016),\u00a0A CATREG Model of Destination Choice for Mature Island Destination,\u00a0Journal of Destination Marketing &#038; Management.\u00a0https:\/\/doi.org\/10.1016\/j.jdmm.2016.11.005 Insights from Analysing Tourist Expenditure Using Quantile Regression Dispon\u00edvel mediante pedido Almeida, A., Garrod, B. (2016),\u00a0Insights from analysing tourist expenditure using quantile regression,\u00a0Tourism Economics. https:\/\/doi.org\/10.1177\/&hellip;","og_url":"https:\/\/turismo.uma.pt\/?page_id=3354","og_site_name":"Projeto Turismo","article_modified_time":"2020-06-26T18:14:37+00:00","twitter_card":"summary_large_image","twitter_misc":{"Tempo estimado de leitura":"1 minuto"},"schema":{"@context":"https:\/\/schema.org","@graph":[{"@type":"WebPage","@id":"https:\/\/turismo.uma.pt\/?page_id=3354","url":"https:\/\/turismo.uma.pt\/?page_id=3354","name":"2016 \u2013 Artigos Cient\u00edficos Publicados - Projeto Turismo","isPartOf":{"@id":"https:\/\/turismo.uma.pt\/#website"},"datePublished":"2019-08-29T11:16:08+00:00","dateModified":"2020-06-26T18:14:37+00:00","breadcrumb":{"@id":"https:\/\/turismo.uma.pt\/?page_id=3354#breadcrumb"},"inLanguage":"pt-PT","potentialAction":[{"@type":"ReadAction","target":["https:\/\/turismo.uma.pt\/?page_id=3354"]}]},{"@type":"BreadcrumbList","@id":"https:\/\/turismo.uma.pt\/?page_id=3354#breadcrumb","itemListElement":[{"@type":"ListItem","position":1,"name":"Centro de Investiga\u00e7\u00e3o, Desenvolvimento e Inova\u00e7\u00e3o em Turismo (Polo Madeira)","item":"https:\/\/turismo.uma.pt\/?page_id=959"},{"@type":"ListItem","position":2,"name":"Os Nossos Estudos Cient\u00edficos","item":"https:\/\/turismo.uma.pt\/?page_id=13"},{"@type":"ListItem","position":3,"name":"Artigos Cient\u00edficos Publicados","item":"https:\/\/turismo.uma.pt\/?page_id=1452"},{"@type":"ListItem","position":4,"name":"2016 \u2013 Artigos Cient\u00edficos Publicados"}]},{"@type":"WebSite","@id":"https:\/\/turismo.uma.pt\/#website","url":"https:\/\/turismo.uma.pt\/","name":"Projeto Turismo","description":"Universidade da Madeira","potentialAction":[{"@type":"SearchAction","target":{"@type":"EntryPoint","urlTemplate":"https:\/\/turismo.uma.pt\/?s={search_term_string}"},"query-input":{"@type":"PropertyValueSpecification","valueRequired":true,"valueName":"search_term_string"}}],"inLanguage":"pt-PT"}]}},"_links":{"self":[{"href":"https:\/\/turismo.uma.pt\/index.php?rest_route=\/wp\/v2\/pages\/3354","targetHints":{"allow":["GET"]}}],"collection":[{"href":"https:\/\/turismo.uma.pt\/index.php?rest_route=\/wp\/v2\/pages"}],"about":[{"href":"https:\/\/turismo.uma.pt\/index.php?rest_route=\/wp\/v2\/types\/page"}],"author":[{"embeddable":true,"href":"https:\/\/turismo.uma.pt\/index.php?rest_route=\/wp\/v2\/users\/1"}],"replies":[{"embeddable":true,"href":"https:\/\/turismo.uma.pt\/index.php?rest_route=%2Fwp%2Fv2%2Fcomments&post=3354"}],"version-history":[{"count":9,"href":"https:\/\/turismo.uma.pt\/index.php?rest_route=\/wp\/v2\/pages\/3354\/revisions"}],"predecessor-version":[{"id":3873,"href":"https:\/\/turismo.uma.pt\/index.php?rest_route=\/wp\/v2\/pages\/3354\/revisions\/3873"}],"up":[{"embeddable":true,"href":"https:\/\/turismo.uma.pt\/index.php?rest_route=\/wp\/v2\/pages\/1452"}],"wp:attachment":[{"href":"https:\/\/turismo.uma.pt\/index.php?rest_route=%2Fwp%2Fv2%2Fmedia&parent=3354"}],"curies":[{"name":"wp","href":"https:\/\/api.w.org\/{rel}","templated":true}]}}