{"id":3378,"date":"2019-08-29T15:12:04","date_gmt":"2019-08-29T15:12:04","guid":{"rendered":"http:\/\/turismo.uma.pt\/?page_id=3378"},"modified":"2019-08-29T15:58:14","modified_gmt":"2019-08-29T15:58:14","slug":"livros-e-capitulos-de-livros-2018","status":"publish","type":"page","link":"https:\/\/turismo.uma.pt\/?page_id=3378","title":{"rendered":"Livros e Cap\u00edtulos de Livros 2018"},"content":{"rendered":"<p>\t\t\t<a href=\"https:\/\/www.igi-global.com\/gateway\/chapter\/205758\" target=\"_self\" role=\"button\"><br \/>\n\t\t\t\t\t\tTeixeira, S. (2018). Book Chapter: &#8220;Knowledge Management in Tourist Services: A Literature Review and Case Study \u2013 The Case of INATEL&#8221; in Book, Debasish Batabyal &#8220;Managing Sustainable Tourism Resources&#8221; IGI Global, EUA, pp. 111-148.<br \/>\n\t\t\t\t\t<\/a><br \/>\n\t\t\t<a href=\"\" target=\"_self\" role=\"button\"><br \/>\n\t\t\t\t\t\tSantos, M., Almeida, A., (2018) &#8220;Estudio de la oferta de productos tur\u00edsticos de madeira. An\u00e1lises de la import\u00e2ncia del de turismo de incentivos-neg\u00f3cios&#8221;, Editorial Thompson Reuters<br \/>\n\t\t\t\t\t<\/a><br \/>\n\t\t\t<a href=\"\" target=\"_self\" role=\"button\"><br \/>\n\t\t\t\t\t\tMachado, L. Almeida, A. (2018), &#8220;Madeira Island &#8211; Tourism, natural disasters and Destination&#8221; image in Climate Change and Global Development Market, Global Players and Empirical Evidence, Editors: Sequeira, Tiago, Reis, Liliana (Eds.), Springer, forthcoming<br \/>\n\t\t\t\t\t<\/a><\/p>\n","protected":false},"excerpt":{"rendered":"<p>Teixeira, S. (2018). Book Chapter: &#8220;Knowledge Management in Tourist Services: A Literature Review and Case Study \u2013 The Case of INATEL&#8221; in Book, Debasish Batabyal &#8220;Managing Sustainable Tourism Resources&#8221; IGI Global, EUA, pp. 111-148. Santos, M., Almeida, A., (2018) &#8220;Estudio de la oferta de productos tur\u00edsticos de madeira. An\u00e1lises de la import\u00e2ncia del de turismo&hellip;<\/p>\n","protected":false},"author":1,"featured_media":0,"parent":1401,"menu_order":0,"comment_status":"closed","ping_status":"closed","template":"fullwidth.php","meta":{"_monsterinsights_skip_tracking":false,"_monsterinsights_sitenote_active":false,"_monsterinsights_sitenote_note":"","_monsterinsights_sitenote_category":0,"_mc_calendar":[],"footnotes":""},"class_list":["post-3378","page","type-page","status-publish","hentry"],"yoast_head":"<!-- This site is optimized with the Yoast SEO plugin v27.4 - https:\/\/yoast.com\/product\/yoast-seo-wordpress\/ -->\n<title>Livros e Cap\u00edtulos de Livros 2018 - Projeto Turismo<\/title>\n<meta name=\"robots\" content=\"index, follow, max-snippet:-1, max-image-preview:large, max-video-preview:-1\" \/>\n<link rel=\"canonical\" href=\"https:\/\/turismo.uma.pt\/?page_id=3378\" \/>\n<meta property=\"og:locale\" content=\"pt_PT\" \/>\n<meta property=\"og:type\" content=\"article\" \/>\n<meta property=\"og:title\" content=\"Livros e Cap\u00edtulos de Livros 2018 - Projeto Turismo\" \/>\n<meta property=\"og:description\" content=\"Teixeira, S. (2018). Book Chapter: &#8220;Knowledge Management in Tourist Services: A Literature Review and Case Study \u2013 The Case of INATEL&#8221; in Book, Debasish Batabyal &#8220;Managing Sustainable Tourism Resources&#8221; IGI Global, EUA, pp. 111-148. Santos, M., Almeida, A., (2018) &#8220;Estudio de la oferta de productos tur\u00edsticos de madeira. An\u00e1lises de la import\u00e2ncia del de turismo&hellip;\" \/>\n<meta property=\"og:url\" content=\"https:\/\/turismo.uma.pt\/?page_id=3378\" \/>\n<meta property=\"og:site_name\" content=\"Projeto Turismo\" \/>\n<meta property=\"article:modified_time\" content=\"2019-08-29T15:58:14+00:00\" \/>\n<meta name=\"twitter:card\" content=\"summary_large_image\" \/>\n<script type=\"application\/ld+json\" class=\"yoast-schema-graph\">{\"@context\":\"https:\\\/\\\/schema.org\",\"@graph\":[{\"@type\":\"WebPage\",\"@id\":\"https:\\\/\\\/turismo.uma.pt\\\/?page_id=3378\",\"url\":\"https:\\\/\\\/turismo.uma.pt\\\/?page_id=3378\",\"name\":\"Livros e Cap\u00edtulos de Livros 2018 - Projeto Turismo\",\"isPartOf\":{\"@id\":\"https:\\\/\\\/turismo.uma.pt\\\/#website\"},\"datePublished\":\"2019-08-29T15:12:04+00:00\",\"dateModified\":\"2019-08-29T15:58:14+00:00\",\"breadcrumb\":{\"@id\":\"https:\\\/\\\/turismo.uma.pt\\\/?page_id=3378#breadcrumb\"},\"inLanguage\":\"pt-PT\",\"potentialAction\":[{\"@type\":\"ReadAction\",\"target\":[\"https:\\\/\\\/turismo.uma.pt\\\/?page_id=3378\"]}]},{\"@type\":\"BreadcrumbList\",\"@id\":\"https:\\\/\\\/turismo.uma.pt\\\/?page_id=3378#breadcrumb\",\"itemListElement\":[{\"@type\":\"ListItem\",\"position\":1,\"name\":\"Publica\u00e7\u00f5es em Livros\",\"item\":\"https:\\\/\\\/turismo.uma.pt\\\/?page_id=1401\"},{\"@type\":\"ListItem\",\"position\":2,\"name\":\"Livros e Cap\u00edtulos de Livros 2018\"}]},{\"@type\":\"WebSite\",\"@id\":\"https:\\\/\\\/turismo.uma.pt\\\/#website\",\"url\":\"https:\\\/\\\/turismo.uma.pt\\\/\",\"name\":\"Projeto Turismo\",\"description\":\"Universidade da Madeira\",\"potentialAction\":[{\"@type\":\"SearchAction\",\"target\":{\"@type\":\"EntryPoint\",\"urlTemplate\":\"https:\\\/\\\/turismo.uma.pt\\\/?s={search_term_string}\"},\"query-input\":{\"@type\":\"PropertyValueSpecification\",\"valueRequired\":true,\"valueName\":\"search_term_string\"}}],\"inLanguage\":\"pt-PT\"}]}<\/script>\n<!-- \/ Yoast SEO plugin. -->","yoast_head_json":{"title":"Livros e Cap\u00edtulos de Livros 2018 - Projeto Turismo","robots":{"index":"index","follow":"follow","max-snippet":"max-snippet:-1","max-image-preview":"max-image-preview:large","max-video-preview":"max-video-preview:-1"},"canonical":"https:\/\/turismo.uma.pt\/?page_id=3378","og_locale":"pt_PT","og_type":"article","og_title":"Livros e Cap\u00edtulos de Livros 2018 - Projeto Turismo","og_description":"Teixeira, S. (2018). Book Chapter: &#8220;Knowledge Management in Tourist Services: A Literature Review and Case Study \u2013 The Case of INATEL&#8221; in Book, Debasish Batabyal &#8220;Managing Sustainable Tourism Resources&#8221; IGI Global, EUA, pp. 111-148. Santos, M., Almeida, A., (2018) &#8220;Estudio de la oferta de productos tur\u00edsticos de madeira. An\u00e1lises de la import\u00e2ncia del de turismo&hellip;","og_url":"https:\/\/turismo.uma.pt\/?page_id=3378","og_site_name":"Projeto Turismo","article_modified_time":"2019-08-29T15:58:14+00:00","twitter_card":"summary_large_image","schema":{"@context":"https:\/\/schema.org","@graph":[{"@type":"WebPage","@id":"https:\/\/turismo.uma.pt\/?page_id=3378","url":"https:\/\/turismo.uma.pt\/?page_id=3378","name":"Livros e Cap\u00edtulos de Livros 2018 - Projeto Turismo","isPartOf":{"@id":"https:\/\/turismo.uma.pt\/#website"},"datePublished":"2019-08-29T15:12:04+00:00","dateModified":"2019-08-29T15:58:14+00:00","breadcrumb":{"@id":"https:\/\/turismo.uma.pt\/?page_id=3378#breadcrumb"},"inLanguage":"pt-PT","potentialAction":[{"@type":"ReadAction","target":["https:\/\/turismo.uma.pt\/?page_id=3378"]}]},{"@type":"BreadcrumbList","@id":"https:\/\/turismo.uma.pt\/?page_id=3378#breadcrumb","itemListElement":[{"@type":"ListItem","position":1,"name":"Publica\u00e7\u00f5es em Livros","item":"https:\/\/turismo.uma.pt\/?page_id=1401"},{"@type":"ListItem","position":2,"name":"Livros e Cap\u00edtulos de Livros 2018"}]},{"@type":"WebSite","@id":"https:\/\/turismo.uma.pt\/#website","url":"https:\/\/turismo.uma.pt\/","name":"Projeto Turismo","description":"Universidade da Madeira","potentialAction":[{"@type":"SearchAction","target":{"@type":"EntryPoint","urlTemplate":"https:\/\/turismo.uma.pt\/?s={search_term_string}"},"query-input":{"@type":"PropertyValueSpecification","valueRequired":true,"valueName":"search_term_string"}}],"inLanguage":"pt-PT"}]}},"_links":{"self":[{"href":"https:\/\/turismo.uma.pt\/index.php?rest_route=\/wp\/v2\/pages\/3378","targetHints":{"allow":["GET"]}}],"collection":[{"href":"https:\/\/turismo.uma.pt\/index.php?rest_route=\/wp\/v2\/pages"}],"about":[{"href":"https:\/\/turismo.uma.pt\/index.php?rest_route=\/wp\/v2\/types\/page"}],"author":[{"embeddable":true,"href":"https:\/\/turismo.uma.pt\/index.php?rest_route=\/wp\/v2\/users\/1"}],"replies":[{"embeddable":true,"href":"https:\/\/turismo.uma.pt\/index.php?rest_route=%2Fwp%2Fv2%2Fcomments&post=3378"}],"version-history":[{"count":2,"href":"https:\/\/turismo.uma.pt\/index.php?rest_route=\/wp\/v2\/pages\/3378\/revisions"}],"predecessor-version":[{"id":3380,"href":"https:\/\/turismo.uma.pt\/index.php?rest_route=\/wp\/v2\/pages\/3378\/revisions\/3380"}],"up":[{"embeddable":true,"href":"https:\/\/turismo.uma.pt\/index.php?rest_route=\/wp\/v2\/pages\/1401"}],"wp:attachment":[{"href":"https:\/\/turismo.uma.pt\/index.php?rest_route=%2Fwp%2Fv2%2Fmedia&parent=3378"}],"curies":[{"name":"wp","href":"https:\/\/api.w.org\/{rel}","templated":true}]}}