{"id":3393,"date":"2019-08-29T16:22:10","date_gmt":"2019-08-29T16:22:10","guid":{"rendered":"http:\/\/turismo.uma.pt\/?page_id=3393"},"modified":"2019-08-29T16:26:39","modified_gmt":"2019-08-29T16:26:39","slug":"livros-publicacao-livros-2012","status":"publish","type":"page","link":"https:\/\/turismo.uma.pt\/?page_id=3393","title":{"rendered":"Livros e Publica\u00e7\u00e3o de Livros &#8211; 2012"},"content":{"rendered":"<p><a role=\"button\" target=\"_self\"><br \/>\nAnt\u00f3nio Almeida, \u201cResolu\u00e7\u00e3o de Exerc\u00edcios\u201d, Principia (Nacional), 2012, Tiragem: 1000 exemplares, ISBN: 9789897160394.<br \/>\n<\/a><\/p>\n","protected":false},"excerpt":{"rendered":"<p>Ant\u00f3nio Almeida, \u201cResolu\u00e7\u00e3o de Exerc\u00edcios\u201d, Principia (Nacional), 2012, Tiragem: 1000 exemplares, ISBN: 9789897160394.<\/p>\n","protected":false},"author":1,"featured_media":0,"parent":2265,"menu_order":0,"comment_status":"closed","ping_status":"closed","template":"fullwidth.php","meta":{"_monsterinsights_skip_tracking":false,"_monsterinsights_sitenote_active":false,"_monsterinsights_sitenote_note":"","_monsterinsights_sitenote_category":0,"_mc_calendar":[],"footnotes":""},"class_list":["post-3393","page","type-page","status-publish","hentry"],"yoast_head":"<!-- This site is optimized with the Yoast SEO plugin v27.4 - https:\/\/yoast.com\/product\/yoast-seo-wordpress\/ -->\n<title>Livros e Publica\u00e7\u00e3o de Livros - 2012 - Projeto Turismo<\/title>\n<meta name=\"robots\" content=\"index, follow, max-snippet:-1, max-image-preview:large, max-video-preview:-1\" \/>\n<link rel=\"canonical\" href=\"https:\/\/turismo.uma.pt\/?page_id=3393\" \/>\n<meta property=\"og:locale\" content=\"pt_PT\" \/>\n<meta property=\"og:type\" content=\"article\" \/>\n<meta property=\"og:title\" content=\"Livros e Publica\u00e7\u00e3o de Livros - 2012 - Projeto Turismo\" \/>\n<meta property=\"og:description\" content=\"Ant\u00f3nio Almeida, \u201cResolu\u00e7\u00e3o de Exerc\u00edcios\u201d, Principia (Nacional), 2012, Tiragem: 1000 exemplares, ISBN: 9789897160394.\" \/>\n<meta property=\"og:url\" content=\"https:\/\/turismo.uma.pt\/?page_id=3393\" \/>\n<meta property=\"og:site_name\" content=\"Projeto Turismo\" \/>\n<meta property=\"article:modified_time\" content=\"2019-08-29T16:26:39+00:00\" \/>\n<meta name=\"twitter:card\" content=\"summary_large_image\" \/>\n<script type=\"application\/ld+json\" class=\"yoast-schema-graph\">{\"@context\":\"https:\\\/\\\/schema.org\",\"@graph\":[{\"@type\":\"WebPage\",\"@id\":\"https:\\\/\\\/turismo.uma.pt\\\/?page_id=3393\",\"url\":\"https:\\\/\\\/turismo.uma.pt\\\/?page_id=3393\",\"name\":\"Livros e Publica\u00e7\u00e3o de Livros - 2012 - Projeto Turismo\",\"isPartOf\":{\"@id\":\"https:\\\/\\\/turismo.uma.pt\\\/#website\"},\"datePublished\":\"2019-08-29T16:22:10+00:00\",\"dateModified\":\"2019-08-29T16:26:39+00:00\",\"breadcrumb\":{\"@id\":\"https:\\\/\\\/turismo.uma.pt\\\/?page_id=3393#breadcrumb\"},\"inLanguage\":\"pt-PT\",\"potentialAction\":[{\"@type\":\"ReadAction\",\"target\":[\"https:\\\/\\\/turismo.uma.pt\\\/?page_id=3393\"]}]},{\"@type\":\"BreadcrumbList\",\"@id\":\"https:\\\/\\\/turismo.uma.pt\\\/?page_id=3393#breadcrumb\",\"itemListElement\":[{\"@type\":\"ListItem\",\"position\":1,\"name\":\"Centro de Investiga\u00e7\u00e3o, Desenvolvimento e Inova\u00e7\u00e3o em Turismo (Polo Madeira)\",\"item\":\"https:\\\/\\\/turismo.uma.pt\\\/?page_id=959\"},{\"@type\":\"ListItem\",\"position\":2,\"name\":\"Os Nossos Estudos Cient\u00edficos\",\"item\":\"https:\\\/\\\/turismo.uma.pt\\\/?page_id=13\"},{\"@type\":\"ListItem\",\"position\":3,\"name\":\"Livros e Cap\u00edtulos de Livros\",\"item\":\"https:\\\/\\\/turismo.uma.pt\\\/?page_id=2265\"},{\"@type\":\"ListItem\",\"position\":4,\"name\":\"Livros e Publica\u00e7\u00e3o de Livros &#8211; 2012\"}]},{\"@type\":\"WebSite\",\"@id\":\"https:\\\/\\\/turismo.uma.pt\\\/#website\",\"url\":\"https:\\\/\\\/turismo.uma.pt\\\/\",\"name\":\"Projeto Turismo\",\"description\":\"Universidade da Madeira\",\"potentialAction\":[{\"@type\":\"SearchAction\",\"target\":{\"@type\":\"EntryPoint\",\"urlTemplate\":\"https:\\\/\\\/turismo.uma.pt\\\/?s={search_term_string}\"},\"query-input\":{\"@type\":\"PropertyValueSpecification\",\"valueRequired\":true,\"valueName\":\"search_term_string\"}}],\"inLanguage\":\"pt-PT\"}]}<\/script>\n<!-- \/ Yoast SEO plugin. -->","yoast_head_json":{"title":"Livros e Publica\u00e7\u00e3o de Livros - 2012 - Projeto Turismo","robots":{"index":"index","follow":"follow","max-snippet":"max-snippet:-1","max-image-preview":"max-image-preview:large","max-video-preview":"max-video-preview:-1"},"canonical":"https:\/\/turismo.uma.pt\/?page_id=3393","og_locale":"pt_PT","og_type":"article","og_title":"Livros e Publica\u00e7\u00e3o de Livros - 2012 - Projeto Turismo","og_description":"Ant\u00f3nio Almeida, \u201cResolu\u00e7\u00e3o de Exerc\u00edcios\u201d, Principia (Nacional), 2012, Tiragem: 1000 exemplares, ISBN: 9789897160394.","og_url":"https:\/\/turismo.uma.pt\/?page_id=3393","og_site_name":"Projeto Turismo","article_modified_time":"2019-08-29T16:26:39+00:00","twitter_card":"summary_large_image","schema":{"@context":"https:\/\/schema.org","@graph":[{"@type":"WebPage","@id":"https:\/\/turismo.uma.pt\/?page_id=3393","url":"https:\/\/turismo.uma.pt\/?page_id=3393","name":"Livros e Publica\u00e7\u00e3o de Livros - 2012 - Projeto Turismo","isPartOf":{"@id":"https:\/\/turismo.uma.pt\/#website"},"datePublished":"2019-08-29T16:22:10+00:00","dateModified":"2019-08-29T16:26:39+00:00","breadcrumb":{"@id":"https:\/\/turismo.uma.pt\/?page_id=3393#breadcrumb"},"inLanguage":"pt-PT","potentialAction":[{"@type":"ReadAction","target":["https:\/\/turismo.uma.pt\/?page_id=3393"]}]},{"@type":"BreadcrumbList","@id":"https:\/\/turismo.uma.pt\/?page_id=3393#breadcrumb","itemListElement":[{"@type":"ListItem","position":1,"name":"Centro de Investiga\u00e7\u00e3o, Desenvolvimento e Inova\u00e7\u00e3o em Turismo (Polo Madeira)","item":"https:\/\/turismo.uma.pt\/?page_id=959"},{"@type":"ListItem","position":2,"name":"Os Nossos Estudos Cient\u00edficos","item":"https:\/\/turismo.uma.pt\/?page_id=13"},{"@type":"ListItem","position":3,"name":"Livros e Cap\u00edtulos de Livros","item":"https:\/\/turismo.uma.pt\/?page_id=2265"},{"@type":"ListItem","position":4,"name":"Livros e Publica\u00e7\u00e3o de Livros &#8211; 2012"}]},{"@type":"WebSite","@id":"https:\/\/turismo.uma.pt\/#website","url":"https:\/\/turismo.uma.pt\/","name":"Projeto Turismo","description":"Universidade da Madeira","potentialAction":[{"@type":"SearchAction","target":{"@type":"EntryPoint","urlTemplate":"https:\/\/turismo.uma.pt\/?s={search_term_string}"},"query-input":{"@type":"PropertyValueSpecification","valueRequired":true,"valueName":"search_term_string"}}],"inLanguage":"pt-PT"}]}},"_links":{"self":[{"href":"https:\/\/turismo.uma.pt\/index.php?rest_route=\/wp\/v2\/pages\/3393","targetHints":{"allow":["GET"]}}],"collection":[{"href":"https:\/\/turismo.uma.pt\/index.php?rest_route=\/wp\/v2\/pages"}],"about":[{"href":"https:\/\/turismo.uma.pt\/index.php?rest_route=\/wp\/v2\/types\/page"}],"author":[{"embeddable":true,"href":"https:\/\/turismo.uma.pt\/index.php?rest_route=\/wp\/v2\/users\/1"}],"replies":[{"embeddable":true,"href":"https:\/\/turismo.uma.pt\/index.php?rest_route=%2Fwp%2Fv2%2Fcomments&post=3393"}],"version-history":[{"count":3,"href":"https:\/\/turismo.uma.pt\/index.php?rest_route=\/wp\/v2\/pages\/3393\/revisions"}],"predecessor-version":[{"id":3396,"href":"https:\/\/turismo.uma.pt\/index.php?rest_route=\/wp\/v2\/pages\/3393\/revisions\/3396"}],"up":[{"embeddable":true,"href":"https:\/\/turismo.uma.pt\/index.php?rest_route=\/wp\/v2\/pages\/2265"}],"wp:attachment":[{"href":"https:\/\/turismo.uma.pt\/index.php?rest_route=%2Fwp%2Fv2%2Fmedia&parent=3393"}],"curies":[{"name":"wp","href":"https:\/\/api.w.org\/{rel}","templated":true}]}}