{"id":3403,"date":"2019-08-29T16:36:46","date_gmt":"2019-08-29T16:36:46","guid":{"rendered":"http:\/\/turismo.uma.pt\/?page_id=3403"},"modified":"2019-10-02T16:17:19","modified_gmt":"2019-10-02T16:17:19","slug":"comunicacoes-2018","status":"publish","type":"page","link":"https:\/\/turismo.uma.pt\/?page_id=3403","title":{"rendered":"Comunica\u00e7\u00f5es &#8211; 2018"},"content":{"rendered":"<p>\t\t\t<a href=\"https:\/\/drive.google.com\/file\/d\/1cMchVyiMfH4XhrX0v3NnjabbpqJQvHyH\/view\" target=\"_self\" role=\"button\"><br \/>\n\t\t\t\t\t\tMota L., Franco M., Santos R., Teixeira S., Gon\u00e7alves F. (2018)\u00a0Visiting The UNESCO World Heritage Site of Laurissilva in Madeira: How Many People Can We See?, Congresso Ci\u00eancia, Cultura e Turismo Sustent\u00e1vel, 26 and 27 of November, Lisbon-Portugal.<br \/>\n\t\t\t\t\t<\/a><br \/>\n\t\t\t<a href=\"https:\/\/drive.google.com\/file\/d\/1uNdZchzK_xkxHhVZu_a4XaMWDphLHL1-\/view\" target=\"_self\" role=\"button\"><br \/>\n\t\t\t\t\t\tCamacho E., Sarmento M. (2018),\u00a0Regress\u00e3o das receitas tur\u00edsticas na metodologia de avalia\u00e7\u00e3o do retorno em promo\u00e7\u00e3o, Congresso Ci\u00eancia, Cultura e Turismo Sustent\u00e1vel, 26 and 27 of November, Lisbon-Portugal.<br \/>\n\t\t\t\t\t<\/a><br \/>\n\t\t\t<a href=\"https:\/\/drive.google.com\/file\/d\/1BX2R-ag2iGbKzxfWIKuLsQ--n_h3TaPS\/view\" target=\"_self\" role=\"button\"><br \/>\n\t\t\t\t\t\tCamacho E., Teles S., Sarmento M.(2018) ,\u00a0O impacto dos constrangimentos aeroportu\u00e1rios e das companhias a\u00e9reas no turismo \u2013 Madeira case study, Congresso Ci\u00eancia, Cultura e Turismo Sustent\u00e1vel, 26 and 27 of November 2018, Lisbon-Portugal.<br \/>\n\t\t\t\t\t<\/a><br \/>\n\t\t\t<a href=\"https:\/\/drive.google.com\/file\/d\/1K35hTFO5Gdnykpd_AzxNvxC5vI9iCZ5z\/view\" target=\"_self\" role=\"button\"><br \/>\n\t\t\t\t\t\tFernando C., Lopes H., Prudente J. (2018),\u00a0A oferta das atividades n\u00e1uticas de anima\u00e7\u00e3o tur\u00edstica na madeira, Congresso Ci\u00eancia, Cultura e Turismo Sustent\u00e1vel, 26 and 27 of November 2018, Lisbon-Portugal.<br \/>\n\t\t\t\t\t<\/a><br \/>\n\t\t\t<a href=\"\" target=\"_self\" role=\"button\"><br \/>\n\t\t\t\t\t\tAlmeida, A., Silva. T. (2018),\u00a0As quintas da Madeira como factor de valoriza\u00e7\u00e3o da Hist\u00f3ria da Ilha da Madeira, Col\u00f3quio Mem\u00f3ria e Identidade Insular: Religiosidade, Festividades, e Turismo, CEHA, 26\/10\/2018, Funchal.<br \/>\n\t\t\t\t\t<\/a><br \/>\n\t\t\t<a href=\"\" target=\"_self\" role=\"button\"><br \/>\n\t\t\t\t\t\tAlmeida, A., Ornelas, C. (2018),\u00a0Sostenibilidad en la industria hotelera; experiencias en Madeira, I Foro Internacional Economia Circular y Oportunidades para el Desarollo Bio-econ\u00f3mico en Islas, 9\/11\/2018, Las Palmas\u00a0<br \/>\n\t\t\t\t\t<\/a><br \/>\n\t\t\t<a href=\"\" target=\"_self\" role=\"button\"><br \/>\n\t\t\t\t\t\tMota, L., Teixeira. S., and Gon\u00e7alves, F. (2018),\u00a0Tourism Planning and Sustainable Development: A Bibliometric Analysis,\u00a0I International Congress on Sustainable Planning and Territorial Governance,\u00a0held in the University of Madeira, Funchal (Portugal), from 04 to 06 June.<br \/>\n\t\t\t\t\t<\/a><br \/>\n\t\t\t<a href=\"\" target=\"_self\" role=\"button\"><br \/>\n\t\t\t\t\t\tMota, L., Teixeira. S., and Gon\u00e7alves, F. (2018),\u00a0Tourism Planning and Sustainable Development: A Bibliometric Analysis,\u00a0I International Congress on Sustainable Planning and Territorial Governance,\u00a0held in the University of Madeira, Funchal (Portugal), from 04 to 06 June.<br \/>\n\t\t\t\t\t<\/a><br \/>\n\t\t\t<a href=\"\" target=\"_self\" role=\"button\"><br \/>\n\t\t\t\t\t\tSantos, F., Lopes, H.., Faria, N., Camacho, M., Fernandes, D., Gomes, E. &#038; Rodrigues A. (2018).\u00a0Orienta\u00e7\u00e3o, abordagens em Contexto Escolar. In\u00a0Atas do Semin\u00e1rio Internacional Desporto e Ci\u00eancia 2018.\u00a0Funchal: Universidade da Madeira.<br \/>\n\t\t\t\t\t<\/a><br \/>\n\t\t\t<a href=\"\" target=\"_self\" role=\"button\"><br \/>\n\t\t\t\t\t\tFernando, F., Lopes, H. &#038; Prudente, J. (2018).\u00a0A oferta das atividades n\u00e1uticas de anima\u00e7\u00e3o tur\u00edstica na Madeira.\u00a0Congresso Ci\u00eancia, Cultura e Turismo sustent\u00e1vel. 26-27 novembro, Lisboa.<br \/>\n\t\t\t\t\t<\/a><\/p>\n","protected":false},"excerpt":{"rendered":"<p>Mota L., Franco M., Santos R., Teixeira S., Gon\u00e7alves F. (2018)\u00a0Visiting The UNESCO World Heritage Site of Laurissilva in Madeira: How Many People Can We See?, Congresso Ci\u00eancia, Cultura e Turismo Sustent\u00e1vel, 26 and 27 of November, Lisbon-Portugal. Camacho E., Sarmento M. (2018),\u00a0Regress\u00e3o das receitas tur\u00edsticas na metodologia de avalia\u00e7\u00e3o do retorno em promo\u00e7\u00e3o, Congresso&hellip;<\/p>\n","protected":false},"author":1,"featured_media":0,"parent":1443,"menu_order":0,"comment_status":"closed","ping_status":"closed","template":"fullwidth.php","meta":{"_monsterinsights_skip_tracking":false,"_monsterinsights_sitenote_active":false,"_monsterinsights_sitenote_note":"","_monsterinsights_sitenote_category":0,"_mc_calendar":[],"footnotes":""},"class_list":["post-3403","page","type-page","status-publish","hentry"],"yoast_head":"<!-- This site is optimized with the Yoast SEO plugin v27.4 - https:\/\/yoast.com\/product\/yoast-seo-wordpress\/ -->\n<title>Comunica\u00e7\u00f5es - 2018 - Projeto Turismo<\/title>\n<meta name=\"robots\" content=\"index, follow, max-snippet:-1, max-image-preview:large, max-video-preview:-1\" \/>\n<link rel=\"canonical\" href=\"https:\/\/turismo.uma.pt\/?page_id=3403\" \/>\n<meta property=\"og:locale\" content=\"pt_PT\" \/>\n<meta property=\"og:type\" content=\"article\" \/>\n<meta property=\"og:title\" content=\"Comunica\u00e7\u00f5es - 2018 - Projeto Turismo\" \/>\n<meta property=\"og:description\" content=\"Mota L., Franco M., Santos R., Teixeira S., Gon\u00e7alves F. (2018)\u00a0Visiting The UNESCO World Heritage Site of Laurissilva in Madeira: How Many People Can We See?, Congresso Ci\u00eancia, Cultura e Turismo Sustent\u00e1vel, 26 and 27 of November, Lisbon-Portugal. Camacho E., Sarmento M. (2018),\u00a0Regress\u00e3o das receitas tur\u00edsticas na metodologia de avalia\u00e7\u00e3o do retorno em promo\u00e7\u00e3o, Congresso&hellip;\" \/>\n<meta property=\"og:url\" content=\"https:\/\/turismo.uma.pt\/?page_id=3403\" \/>\n<meta property=\"og:site_name\" content=\"Projeto Turismo\" \/>\n<meta property=\"article:modified_time\" content=\"2019-10-02T16:17:19+00:00\" \/>\n<meta name=\"twitter:card\" content=\"summary_large_image\" \/>\n<meta name=\"twitter:label1\" content=\"Tempo estimado de leitura\" \/>\n\t<meta name=\"twitter:data1\" content=\"2 minutos\" \/>\n<script type=\"application\/ld+json\" class=\"yoast-schema-graph\">{\"@context\":\"https:\\\/\\\/schema.org\",\"@graph\":[{\"@type\":\"WebPage\",\"@id\":\"https:\\\/\\\/turismo.uma.pt\\\/?page_id=3403\",\"url\":\"https:\\\/\\\/turismo.uma.pt\\\/?page_id=3403\",\"name\":\"Comunica\u00e7\u00f5es - 2018 - Projeto Turismo\",\"isPartOf\":{\"@id\":\"https:\\\/\\\/turismo.uma.pt\\\/#website\"},\"datePublished\":\"2019-08-29T16:36:46+00:00\",\"dateModified\":\"2019-10-02T16:17:19+00:00\",\"breadcrumb\":{\"@id\":\"https:\\\/\\\/turismo.uma.pt\\\/?page_id=3403#breadcrumb\"},\"inLanguage\":\"pt-PT\",\"potentialAction\":[{\"@type\":\"ReadAction\",\"target\":[\"https:\\\/\\\/turismo.uma.pt\\\/?page_id=3403\"]}]},{\"@type\":\"BreadcrumbList\",\"@id\":\"https:\\\/\\\/turismo.uma.pt\\\/?page_id=3403#breadcrumb\",\"itemListElement\":[{\"@type\":\"ListItem\",\"position\":1,\"name\":\"Centro de Investiga\u00e7\u00e3o, Desenvolvimento e Inova\u00e7\u00e3o em Turismo (Polo Madeira)\",\"item\":\"https:\\\/\\\/turismo.uma.pt\\\/?page_id=959\"},{\"@type\":\"ListItem\",\"position\":2,\"name\":\"Os Nossos Estudos Cient\u00edficos\",\"item\":\"https:\\\/\\\/turismo.uma.pt\\\/?page_id=13\"},{\"@type\":\"ListItem\",\"position\":3,\"name\":\"Comunica\u00e7\u00f5es\\\/Apresenta\u00e7\u00f5es Nacionais e Internacionais\",\"item\":\"https:\\\/\\\/turismo.uma.pt\\\/?page_id=1443\"},{\"@type\":\"ListItem\",\"position\":4,\"name\":\"Comunica\u00e7\u00f5es &#8211; 2018\"}]},{\"@type\":\"WebSite\",\"@id\":\"https:\\\/\\\/turismo.uma.pt\\\/#website\",\"url\":\"https:\\\/\\\/turismo.uma.pt\\\/\",\"name\":\"Projeto Turismo\",\"description\":\"Universidade da Madeira\",\"potentialAction\":[{\"@type\":\"SearchAction\",\"target\":{\"@type\":\"EntryPoint\",\"urlTemplate\":\"https:\\\/\\\/turismo.uma.pt\\\/?s={search_term_string}\"},\"query-input\":{\"@type\":\"PropertyValueSpecification\",\"valueRequired\":true,\"valueName\":\"search_term_string\"}}],\"inLanguage\":\"pt-PT\"}]}<\/script>\n<!-- \/ Yoast SEO plugin. -->","yoast_head_json":{"title":"Comunica\u00e7\u00f5es - 2018 - Projeto Turismo","robots":{"index":"index","follow":"follow","max-snippet":"max-snippet:-1","max-image-preview":"max-image-preview:large","max-video-preview":"max-video-preview:-1"},"canonical":"https:\/\/turismo.uma.pt\/?page_id=3403","og_locale":"pt_PT","og_type":"article","og_title":"Comunica\u00e7\u00f5es - 2018 - Projeto Turismo","og_description":"Mota L., Franco M., Santos R., Teixeira S., Gon\u00e7alves F. (2018)\u00a0Visiting The UNESCO World Heritage Site of Laurissilva in Madeira: How Many People Can We See?, Congresso Ci\u00eancia, Cultura e Turismo Sustent\u00e1vel, 26 and 27 of November, Lisbon-Portugal. Camacho E., Sarmento M. (2018),\u00a0Regress\u00e3o das receitas tur\u00edsticas na metodologia de avalia\u00e7\u00e3o do retorno em promo\u00e7\u00e3o, Congresso&hellip;","og_url":"https:\/\/turismo.uma.pt\/?page_id=3403","og_site_name":"Projeto Turismo","article_modified_time":"2019-10-02T16:17:19+00:00","twitter_card":"summary_large_image","twitter_misc":{"Tempo estimado de leitura":"2 minutos"},"schema":{"@context":"https:\/\/schema.org","@graph":[{"@type":"WebPage","@id":"https:\/\/turismo.uma.pt\/?page_id=3403","url":"https:\/\/turismo.uma.pt\/?page_id=3403","name":"Comunica\u00e7\u00f5es - 2018 - Projeto Turismo","isPartOf":{"@id":"https:\/\/turismo.uma.pt\/#website"},"datePublished":"2019-08-29T16:36:46+00:00","dateModified":"2019-10-02T16:17:19+00:00","breadcrumb":{"@id":"https:\/\/turismo.uma.pt\/?page_id=3403#breadcrumb"},"inLanguage":"pt-PT","potentialAction":[{"@type":"ReadAction","target":["https:\/\/turismo.uma.pt\/?page_id=3403"]}]},{"@type":"BreadcrumbList","@id":"https:\/\/turismo.uma.pt\/?page_id=3403#breadcrumb","itemListElement":[{"@type":"ListItem","position":1,"name":"Centro de Investiga\u00e7\u00e3o, Desenvolvimento e Inova\u00e7\u00e3o em Turismo (Polo Madeira)","item":"https:\/\/turismo.uma.pt\/?page_id=959"},{"@type":"ListItem","position":2,"name":"Os Nossos Estudos Cient\u00edficos","item":"https:\/\/turismo.uma.pt\/?page_id=13"},{"@type":"ListItem","position":3,"name":"Comunica\u00e7\u00f5es\/Apresenta\u00e7\u00f5es Nacionais e Internacionais","item":"https:\/\/turismo.uma.pt\/?page_id=1443"},{"@type":"ListItem","position":4,"name":"Comunica\u00e7\u00f5es &#8211; 2018"}]},{"@type":"WebSite","@id":"https:\/\/turismo.uma.pt\/#website","url":"https:\/\/turismo.uma.pt\/","name":"Projeto Turismo","description":"Universidade da Madeira","potentialAction":[{"@type":"SearchAction","target":{"@type":"EntryPoint","urlTemplate":"https:\/\/turismo.uma.pt\/?s={search_term_string}"},"query-input":{"@type":"PropertyValueSpecification","valueRequired":true,"valueName":"search_term_string"}}],"inLanguage":"pt-PT"}]}},"_links":{"self":[{"href":"https:\/\/turismo.uma.pt\/index.php?rest_route=\/wp\/v2\/pages\/3403","targetHints":{"allow":["GET"]}}],"collection":[{"href":"https:\/\/turismo.uma.pt\/index.php?rest_route=\/wp\/v2\/pages"}],"about":[{"href":"https:\/\/turismo.uma.pt\/index.php?rest_route=\/wp\/v2\/types\/page"}],"author":[{"embeddable":true,"href":"https:\/\/turismo.uma.pt\/index.php?rest_route=\/wp\/v2\/users\/1"}],"replies":[{"embeddable":true,"href":"https:\/\/turismo.uma.pt\/index.php?rest_route=%2Fwp%2Fv2%2Fcomments&post=3403"}],"version-history":[{"count":3,"href":"https:\/\/turismo.uma.pt\/index.php?rest_route=\/wp\/v2\/pages\/3403\/revisions"}],"predecessor-version":[{"id":3511,"href":"https:\/\/turismo.uma.pt\/index.php?rest_route=\/wp\/v2\/pages\/3403\/revisions\/3511"}],"up":[{"embeddable":true,"href":"https:\/\/turismo.uma.pt\/index.php?rest_route=\/wp\/v2\/pages\/1443"}],"wp:attachment":[{"href":"https:\/\/turismo.uma.pt\/index.php?rest_route=%2Fwp%2Fv2%2Fmedia&parent=3403"}],"curies":[{"name":"wp","href":"https:\/\/api.w.org\/{rel}","templated":true}]}}