{"id":3429,"date":"2019-08-30T08:38:52","date_gmt":"2019-08-30T08:38:52","guid":{"rendered":"http:\/\/turismo.uma.pt\/?page_id=3429"},"modified":"2019-08-30T08:54:41","modified_gmt":"2019-08-30T08:54:41","slug":"comunicacoes-2010","status":"publish","type":"page","link":"https:\/\/turismo.uma.pt\/?page_id=3429","title":{"rendered":"Comunica\u00e7\u00f5es &#8211; 2010"},"content":{"rendered":"<p><a role=\"button\" target=\"_self\"><br \/>\nAnt\u00f3nio Almeida, Ant\u00f3nia Correia, Adriano Pimp\u00e3o,\u00a0Evidence from a choice experiment in Madeira Island: rural areas visitors\u00b4attitude towards farming activities,\u00a0IV International Tourism Congress ? The image and sustainability of tourism destinations, Peniche, , 2010<br \/>\n<\/a><br \/>\n<a role=\"button\" target=\"_self\"><br \/>\nAnt\u00f3nio Almeida, Ant\u00f3nia Correia, Adriano Pimp\u00e3o,\u00a0Lessons from the spatial development of the tourism industry in Madeira,\u00a0IV International Tourism Congress ? The image and sustainability of tourism destinations, Peniche, , 2010.<br \/>\n<\/a><br \/>\n<a role=\"button\" target=\"_self\"><br \/>\nAnt\u00f3nio Almeida,\u00a0Turismo e diversifica\u00e7\u00e3o de mercados: uma solu\u00e7\u00e3o para o rejuvenescimento do destino,\u00a016\u00ba Congresso, da APDR, Funchal, 2010<br \/>\n<\/a><br \/>\n<a role=\"button\" target=\"_self\"><br \/>\nAnt\u00f3nio Almeida, Jorge Soares, Ant\u00f3nio Alves,\u00a0Turismo activo e levadas: quais os activos na fronteira entre o turismo e desporto,\u00a016\u00ba Congresso, da APDR, Funchal, 2010, ISBN<br \/>\n<\/a><\/p>\n","protected":false},"excerpt":{"rendered":"<p>Ant\u00f3nio Almeida, Ant\u00f3nia Correia, Adriano Pimp\u00e3o,\u00a0Evidence from a choice experiment in Madeira Island: rural areas visitors\u00b4attitude towards farming activities,\u00a0IV International Tourism Congress ? The image and sustainability of tourism destinations, Peniche, , 2010 Ant\u00f3nio Almeida, Ant\u00f3nia Correia, Adriano Pimp\u00e3o,\u00a0Lessons from the spatial development of the tourism industry in Madeira,\u00a0IV International Tourism Congress ? The image&hellip;<\/p>\n","protected":false},"author":1,"featured_media":0,"parent":1443,"menu_order":0,"comment_status":"closed","ping_status":"closed","template":"fullwidth.php","meta":{"_monsterinsights_skip_tracking":false,"_monsterinsights_sitenote_active":false,"_monsterinsights_sitenote_note":"","_monsterinsights_sitenote_category":0,"_mc_calendar":[],"footnotes":""},"class_list":["post-3429","page","type-page","status-publish","hentry"],"yoast_head":"<!-- This site is optimized with the Yoast SEO plugin v27.4 - https:\/\/yoast.com\/product\/yoast-seo-wordpress\/ -->\n<title>Comunica\u00e7\u00f5es - 2010 - Projeto Turismo<\/title>\n<meta name=\"robots\" content=\"index, follow, max-snippet:-1, max-image-preview:large, max-video-preview:-1\" \/>\n<link rel=\"canonical\" href=\"https:\/\/turismo.uma.pt\/?page_id=3429\" \/>\n<meta property=\"og:locale\" content=\"pt_PT\" \/>\n<meta property=\"og:type\" content=\"article\" \/>\n<meta property=\"og:title\" content=\"Comunica\u00e7\u00f5es - 2010 - Projeto Turismo\" \/>\n<meta property=\"og:description\" content=\"Ant\u00f3nio Almeida, Ant\u00f3nia Correia, Adriano Pimp\u00e3o,\u00a0Evidence from a choice experiment in Madeira Island: rural areas visitors\u00b4attitude towards farming activities,\u00a0IV International Tourism Congress ? The image and sustainability of tourism destinations, Peniche, , 2010 Ant\u00f3nio Almeida, Ant\u00f3nia Correia, Adriano Pimp\u00e3o,\u00a0Lessons from the spatial development of the tourism industry in Madeira,\u00a0IV International Tourism Congress ? The image&hellip;\" \/>\n<meta property=\"og:url\" content=\"https:\/\/turismo.uma.pt\/?page_id=3429\" \/>\n<meta property=\"og:site_name\" content=\"Projeto Turismo\" \/>\n<meta property=\"article:modified_time\" content=\"2019-08-30T08:54:41+00:00\" \/>\n<meta name=\"twitter:card\" content=\"summary_large_image\" \/>\n<meta name=\"twitter:label1\" content=\"Tempo estimado de leitura\" \/>\n\t<meta name=\"twitter:data1\" content=\"1 minuto\" \/>\n<script type=\"application\/ld+json\" class=\"yoast-schema-graph\">{\"@context\":\"https:\\\/\\\/schema.org\",\"@graph\":[{\"@type\":\"WebPage\",\"@id\":\"https:\\\/\\\/turismo.uma.pt\\\/?page_id=3429\",\"url\":\"https:\\\/\\\/turismo.uma.pt\\\/?page_id=3429\",\"name\":\"Comunica\u00e7\u00f5es - 2010 - Projeto Turismo\",\"isPartOf\":{\"@id\":\"https:\\\/\\\/turismo.uma.pt\\\/#website\"},\"datePublished\":\"2019-08-30T08:38:52+00:00\",\"dateModified\":\"2019-08-30T08:54:41+00:00\",\"breadcrumb\":{\"@id\":\"https:\\\/\\\/turismo.uma.pt\\\/?page_id=3429#breadcrumb\"},\"inLanguage\":\"pt-PT\",\"potentialAction\":[{\"@type\":\"ReadAction\",\"target\":[\"https:\\\/\\\/turismo.uma.pt\\\/?page_id=3429\"]}]},{\"@type\":\"BreadcrumbList\",\"@id\":\"https:\\\/\\\/turismo.uma.pt\\\/?page_id=3429#breadcrumb\",\"itemListElement\":[{\"@type\":\"ListItem\",\"position\":1,\"name\":\"Centro de Investiga\u00e7\u00e3o, Desenvolvimento e Inova\u00e7\u00e3o em Turismo (Polo Madeira)\",\"item\":\"https:\\\/\\\/turismo.uma.pt\\\/?page_id=959\"},{\"@type\":\"ListItem\",\"position\":2,\"name\":\"Os Nossos Estudos Cient\u00edficos\",\"item\":\"https:\\\/\\\/turismo.uma.pt\\\/?page_id=13\"},{\"@type\":\"ListItem\",\"position\":3,\"name\":\"Comunica\u00e7\u00f5es\\\/Apresenta\u00e7\u00f5es Nacionais e Internacionais\",\"item\":\"https:\\\/\\\/turismo.uma.pt\\\/?page_id=1443\"},{\"@type\":\"ListItem\",\"position\":4,\"name\":\"Comunica\u00e7\u00f5es &#8211; 2010\"}]},{\"@type\":\"WebSite\",\"@id\":\"https:\\\/\\\/turismo.uma.pt\\\/#website\",\"url\":\"https:\\\/\\\/turismo.uma.pt\\\/\",\"name\":\"Projeto Turismo\",\"description\":\"Universidade da Madeira\",\"potentialAction\":[{\"@type\":\"SearchAction\",\"target\":{\"@type\":\"EntryPoint\",\"urlTemplate\":\"https:\\\/\\\/turismo.uma.pt\\\/?s={search_term_string}\"},\"query-input\":{\"@type\":\"PropertyValueSpecification\",\"valueRequired\":true,\"valueName\":\"search_term_string\"}}],\"inLanguage\":\"pt-PT\"}]}<\/script>\n<!-- \/ Yoast SEO plugin. -->","yoast_head_json":{"title":"Comunica\u00e7\u00f5es - 2010 - Projeto Turismo","robots":{"index":"index","follow":"follow","max-snippet":"max-snippet:-1","max-image-preview":"max-image-preview:large","max-video-preview":"max-video-preview:-1"},"canonical":"https:\/\/turismo.uma.pt\/?page_id=3429","og_locale":"pt_PT","og_type":"article","og_title":"Comunica\u00e7\u00f5es - 2010 - Projeto Turismo","og_description":"Ant\u00f3nio Almeida, Ant\u00f3nia Correia, Adriano Pimp\u00e3o,\u00a0Evidence from a choice experiment in Madeira Island: rural areas visitors\u00b4attitude towards farming activities,\u00a0IV International Tourism Congress ? The image and sustainability of tourism destinations, Peniche, , 2010 Ant\u00f3nio Almeida, Ant\u00f3nia Correia, Adriano Pimp\u00e3o,\u00a0Lessons from the spatial development of the tourism industry in Madeira,\u00a0IV International Tourism Congress ? The image&hellip;","og_url":"https:\/\/turismo.uma.pt\/?page_id=3429","og_site_name":"Projeto Turismo","article_modified_time":"2019-08-30T08:54:41+00:00","twitter_card":"summary_large_image","twitter_misc":{"Tempo estimado de leitura":"1 minuto"},"schema":{"@context":"https:\/\/schema.org","@graph":[{"@type":"WebPage","@id":"https:\/\/turismo.uma.pt\/?page_id=3429","url":"https:\/\/turismo.uma.pt\/?page_id=3429","name":"Comunica\u00e7\u00f5es - 2010 - Projeto Turismo","isPartOf":{"@id":"https:\/\/turismo.uma.pt\/#website"},"datePublished":"2019-08-30T08:38:52+00:00","dateModified":"2019-08-30T08:54:41+00:00","breadcrumb":{"@id":"https:\/\/turismo.uma.pt\/?page_id=3429#breadcrumb"},"inLanguage":"pt-PT","potentialAction":[{"@type":"ReadAction","target":["https:\/\/turismo.uma.pt\/?page_id=3429"]}]},{"@type":"BreadcrumbList","@id":"https:\/\/turismo.uma.pt\/?page_id=3429#breadcrumb","itemListElement":[{"@type":"ListItem","position":1,"name":"Centro de Investiga\u00e7\u00e3o, Desenvolvimento e Inova\u00e7\u00e3o em Turismo (Polo Madeira)","item":"https:\/\/turismo.uma.pt\/?page_id=959"},{"@type":"ListItem","position":2,"name":"Os Nossos Estudos Cient\u00edficos","item":"https:\/\/turismo.uma.pt\/?page_id=13"},{"@type":"ListItem","position":3,"name":"Comunica\u00e7\u00f5es\/Apresenta\u00e7\u00f5es Nacionais e Internacionais","item":"https:\/\/turismo.uma.pt\/?page_id=1443"},{"@type":"ListItem","position":4,"name":"Comunica\u00e7\u00f5es &#8211; 2010"}]},{"@type":"WebSite","@id":"https:\/\/turismo.uma.pt\/#website","url":"https:\/\/turismo.uma.pt\/","name":"Projeto Turismo","description":"Universidade da Madeira","potentialAction":[{"@type":"SearchAction","target":{"@type":"EntryPoint","urlTemplate":"https:\/\/turismo.uma.pt\/?s={search_term_string}"},"query-input":{"@type":"PropertyValueSpecification","valueRequired":true,"valueName":"search_term_string"}}],"inLanguage":"pt-PT"}]}},"_links":{"self":[{"href":"https:\/\/turismo.uma.pt\/index.php?rest_route=\/wp\/v2\/pages\/3429","targetHints":{"allow":["GET"]}}],"collection":[{"href":"https:\/\/turismo.uma.pt\/index.php?rest_route=\/wp\/v2\/pages"}],"about":[{"href":"https:\/\/turismo.uma.pt\/index.php?rest_route=\/wp\/v2\/types\/page"}],"author":[{"embeddable":true,"href":"https:\/\/turismo.uma.pt\/index.php?rest_route=\/wp\/v2\/users\/1"}],"replies":[{"embeddable":true,"href":"https:\/\/turismo.uma.pt\/index.php?rest_route=%2Fwp%2Fv2%2Fcomments&post=3429"}],"version-history":[{"count":3,"href":"https:\/\/turismo.uma.pt\/index.php?rest_route=\/wp\/v2\/pages\/3429\/revisions"}],"predecessor-version":[{"id":3433,"href":"https:\/\/turismo.uma.pt\/index.php?rest_route=\/wp\/v2\/pages\/3429\/revisions\/3433"}],"up":[{"embeddable":true,"href":"https:\/\/turismo.uma.pt\/index.php?rest_route=\/wp\/v2\/pages\/1443"}],"wp:attachment":[{"href":"https:\/\/turismo.uma.pt\/index.php?rest_route=%2Fwp%2Fv2%2Fmedia&parent=3429"}],"curies":[{"name":"wp","href":"https:\/\/api.w.org\/{rel}","templated":true}]}}