{"id":959,"date":"2016-07-18T14:03:20","date_gmt":"2016-07-18T14:03:20","guid":{"rendered":"http:\/\/turismo.uma.pt\/?page_id=959"},"modified":"2021-02-26T09:23:25","modified_gmt":"2021-02-26T09:23:25","slug":"centro-investigacao-desenvolvimento-inovacao-turismo-polo-madeira","status":"publish","type":"page","link":"https:\/\/turismo.uma.pt\/?page_id=959","title":{"rendered":"Centro de Investiga\u00e7\u00e3o, Desenvolvimento e Inova\u00e7\u00e3o em Turismo (Polo Madeira)"},"content":{"rendered":"<a href=\"http:\/\/citur-tourismresearch.com\" target=\"_blank\" rel=\"noopener\">\r\n<img loading=\"lazy\" decoding=\"async\" title=\"v-principal-horizontal-cores-alterada-e1537815189113\" src=\"http:\/\/turismo.uma.pt\/wp-content\/uploads\/2019\/01\/v-principal-horizontal-cores-alterada-e1537815189113.png\" alt=\"v-principal-horizontal-cores-alterada-e1537815189113\" width=\"300\" height=\"115\" \/>\r\n<\/a>\r\n<h3><\/h3>\r\n<h3><\/h3>\r\nO CiTUR \u00e9 uma unidade I&amp;D do subsistema polit\u00e9cnico de ensino superior nacional que\u00a0associa 17\u00a0institui\u00e7\u00f5es (universidades e polit\u00e9cnicos) e envolve\u00a0mais\u00a0de 200 investigadores.\r\n\r\n&nbsp;\r\n\r\n<strong>MISS\u00c3O:\u00a0<\/strong>Desenvolvimento de investiga\u00e7\u00e3o\u00a0aplicada com car\u00e1ter multidisciplinar e interdisciplinar, a produ\u00e7\u00e3o e partilha do conhecimento cient\u00edfico em turismo.\r\n\r\n&nbsp;\r\n\r\n<strong>VIS\u00c3O:\u00a0<\/strong>Ser\u00a0l\u00edder em investiga\u00e7\u00e3o aplicada, desenvolvimento e inova\u00e7\u00e3o;\u00a0ser reconhecido pela sociedade civil e empresarial pela superior capacidade de gerar e partilhar conhecimento em turismo.\r\n<h1><\/h1>\r\n<h1>Os grandes seis grupos tem\u00e1ticos de investiga\u00e7\u00e3o:<\/h1>\r\n&nbsp;\r\n\r\nEconomia e Gest\u00e3o do Turismo\r\n\r\n&nbsp;\r\n\r\n&nbsp;\r\n\r\nTurismo, Hospitalidade e Restaura\u00e7\u00e3o\r\n\r\n&nbsp;\r\n\r\n&nbsp;\r\n\r\nE-Tourism\r\n\r\n&nbsp;\r\n\r\n&nbsp;\r\n\r\nTerrit\u00f3rio e Destinos Tur\u00edsticos\r\n\r\n&nbsp;\r\n\r\nPlaneamento e Gest\u00e3o de Produtos Tur\u00edsticos e da Anima\u00e7\u00e3o\r\n\r\n&nbsp;\r\n\r\nTurismo, Cultura, Sociedade e Linguagem\r\n\r\n&nbsp;\r\n\r\n<strong>A Universidade da Madeira \u00e9 polo da rede nacional CiTUR.<\/strong>\r\n\r\n&nbsp;\r\n\r\n<strong>Contactos<\/strong>\r\n\r\nGeral:\u00a0citur@ualg.pt\r\n\r\nPolo Madeira: citur@mail.uma.pt","protected":false},"excerpt":{"rendered":"","protected":false},"author":1,"featured_media":0,"parent":0,"menu_order":0,"comment_status":"closed","ping_status":"open","template":"fullwidth.php","meta":{"_monsterinsights_skip_tracking":false,"_monsterinsights_sitenote_active":false,"_monsterinsights_sitenote_note":"","_monsterinsights_sitenote_category":0,"_mc_calendar":[],"footnotes":""},"class_list":["post-959","page","type-page","status-publish","hentry"],"yoast_head":"<!-- This site is optimized with the Yoast SEO plugin v27.4 - https:\/\/yoast.com\/product\/yoast-seo-wordpress\/ -->\n<title>Centro de Investiga\u00e7\u00e3o, Desenvolvimento e Inova\u00e7\u00e3o em Turismo (Polo Madeira) - Projeto Turismo<\/title>\n<meta name=\"robots\" content=\"index, follow, max-snippet:-1, max-image-preview:large, max-video-preview:-1\" \/>\n<link rel=\"canonical\" href=\"https:\/\/turismo.uma.pt\/?page_id=959\" \/>\n<meta property=\"og:locale\" content=\"pt_PT\" \/>\n<meta property=\"og:type\" content=\"article\" \/>\n<meta property=\"og:title\" content=\"Centro de Investiga\u00e7\u00e3o, Desenvolvimento e Inova\u00e7\u00e3o em Turismo (Polo Madeira) - Projeto Turismo\" \/>\n<meta property=\"og:url\" content=\"https:\/\/turismo.uma.pt\/?page_id=959\" \/>\n<meta property=\"og:site_name\" content=\"Projeto Turismo\" \/>\n<meta property=\"article:modified_time\" content=\"2021-02-26T09:23:25+00:00\" \/>\n<meta property=\"og:image\" content=\"http:\/\/turismo.uma.pt\/wp-content\/uploads\/2019\/01\/v-principal-horizontal-cores-alterada-e1537815189113.png\" \/>\n<meta name=\"twitter:card\" content=\"summary_large_image\" \/>\n<meta name=\"twitter:label1\" content=\"Tempo estimado de leitura\" \/>\n\t<meta name=\"twitter:data1\" content=\"1 minuto\" \/>\n<script type=\"application\/ld+json\" class=\"yoast-schema-graph\">{\"@context\":\"https:\\\/\\\/schema.org\",\"@graph\":[{\"@type\":\"WebPage\",\"@id\":\"https:\\\/\\\/turismo.uma.pt\\\/?page_id=959\",\"url\":\"https:\\\/\\\/turismo.uma.pt\\\/?page_id=959\",\"name\":\"Centro de Investiga\u00e7\u00e3o, Desenvolvimento e Inova\u00e7\u00e3o em Turismo (Polo Madeira) - Projeto Turismo\",\"isPartOf\":{\"@id\":\"https:\\\/\\\/turismo.uma.pt\\\/#website\"},\"primaryImageOfPage\":{\"@id\":\"https:\\\/\\\/turismo.uma.pt\\\/?page_id=959#primaryimage\"},\"image\":{\"@id\":\"https:\\\/\\\/turismo.uma.pt\\\/?page_id=959#primaryimage\"},\"thumbnailUrl\":\"http:\\\/\\\/turismo.uma.pt\\\/wp-content\\\/uploads\\\/2019\\\/01\\\/v-principal-horizontal-cores-alterada-e1537815189113.png\",\"datePublished\":\"2016-07-18T14:03:20+00:00\",\"dateModified\":\"2021-02-26T09:23:25+00:00\",\"inLanguage\":\"pt-PT\",\"potentialAction\":[{\"@type\":\"ReadAction\",\"target\":[\"https:\\\/\\\/turismo.uma.pt\\\/?page_id=959\"]}]},{\"@type\":\"ImageObject\",\"inLanguage\":\"pt-PT\",\"@id\":\"https:\\\/\\\/turismo.uma.pt\\\/?page_id=959#primaryimage\",\"url\":\"http:\\\/\\\/turismo.uma.pt\\\/wp-content\\\/uploads\\\/2019\\\/01\\\/v-principal-horizontal-cores-alterada-e1537815189113.png\",\"contentUrl\":\"http:\\\/\\\/turismo.uma.pt\\\/wp-content\\\/uploads\\\/2019\\\/01\\\/v-principal-horizontal-cores-alterada-e1537815189113.png\"},{\"@type\":\"WebSite\",\"@id\":\"https:\\\/\\\/turismo.uma.pt\\\/#website\",\"url\":\"https:\\\/\\\/turismo.uma.pt\\\/\",\"name\":\"Projeto Turismo\",\"description\":\"Universidade da Madeira\",\"potentialAction\":[{\"@type\":\"SearchAction\",\"target\":{\"@type\":\"EntryPoint\",\"urlTemplate\":\"https:\\\/\\\/turismo.uma.pt\\\/?s={search_term_string}\"},\"query-input\":{\"@type\":\"PropertyValueSpecification\",\"valueRequired\":true,\"valueName\":\"search_term_string\"}}],\"inLanguage\":\"pt-PT\"}]}<\/script>\n<!-- \/ Yoast SEO plugin. -->","yoast_head_json":{"title":"Centro de Investiga\u00e7\u00e3o, Desenvolvimento e Inova\u00e7\u00e3o em Turismo (Polo Madeira) - Projeto Turismo","robots":{"index":"index","follow":"follow","max-snippet":"max-snippet:-1","max-image-preview":"max-image-preview:large","max-video-preview":"max-video-preview:-1"},"canonical":"https:\/\/turismo.uma.pt\/?page_id=959","og_locale":"pt_PT","og_type":"article","og_title":"Centro de Investiga\u00e7\u00e3o, Desenvolvimento e Inova\u00e7\u00e3o em Turismo (Polo Madeira) - Projeto Turismo","og_url":"https:\/\/turismo.uma.pt\/?page_id=959","og_site_name":"Projeto Turismo","article_modified_time":"2021-02-26T09:23:25+00:00","og_image":[{"url":"http:\/\/turismo.uma.pt\/wp-content\/uploads\/2019\/01\/v-principal-horizontal-cores-alterada-e1537815189113.png","type":"","width":"","height":""}],"twitter_card":"summary_large_image","twitter_misc":{"Tempo estimado de leitura":"1 minuto"},"schema":{"@context":"https:\/\/schema.org","@graph":[{"@type":"WebPage","@id":"https:\/\/turismo.uma.pt\/?page_id=959","url":"https:\/\/turismo.uma.pt\/?page_id=959","name":"Centro de Investiga\u00e7\u00e3o, Desenvolvimento e Inova\u00e7\u00e3o em Turismo (Polo Madeira) - Projeto Turismo","isPartOf":{"@id":"https:\/\/turismo.uma.pt\/#website"},"primaryImageOfPage":{"@id":"https:\/\/turismo.uma.pt\/?page_id=959#primaryimage"},"image":{"@id":"https:\/\/turismo.uma.pt\/?page_id=959#primaryimage"},"thumbnailUrl":"http:\/\/turismo.uma.pt\/wp-content\/uploads\/2019\/01\/v-principal-horizontal-cores-alterada-e1537815189113.png","datePublished":"2016-07-18T14:03:20+00:00","dateModified":"2021-02-26T09:23:25+00:00","inLanguage":"pt-PT","potentialAction":[{"@type":"ReadAction","target":["https:\/\/turismo.uma.pt\/?page_id=959"]}]},{"@type":"ImageObject","inLanguage":"pt-PT","@id":"https:\/\/turismo.uma.pt\/?page_id=959#primaryimage","url":"http:\/\/turismo.uma.pt\/wp-content\/uploads\/2019\/01\/v-principal-horizontal-cores-alterada-e1537815189113.png","contentUrl":"http:\/\/turismo.uma.pt\/wp-content\/uploads\/2019\/01\/v-principal-horizontal-cores-alterada-e1537815189113.png"},{"@type":"WebSite","@id":"https:\/\/turismo.uma.pt\/#website","url":"https:\/\/turismo.uma.pt\/","name":"Projeto Turismo","description":"Universidade da Madeira","potentialAction":[{"@type":"SearchAction","target":{"@type":"EntryPoint","urlTemplate":"https:\/\/turismo.uma.pt\/?s={search_term_string}"},"query-input":{"@type":"PropertyValueSpecification","valueRequired":true,"valueName":"search_term_string"}}],"inLanguage":"pt-PT"}]}},"_links":{"self":[{"href":"https:\/\/turismo.uma.pt\/index.php?rest_route=\/wp\/v2\/pages\/959","targetHints":{"allow":["GET"]}}],"collection":[{"href":"https:\/\/turismo.uma.pt\/index.php?rest_route=\/wp\/v2\/pages"}],"about":[{"href":"https:\/\/turismo.uma.pt\/index.php?rest_route=\/wp\/v2\/types\/page"}],"author":[{"embeddable":true,"href":"https:\/\/turismo.uma.pt\/index.php?rest_route=\/wp\/v2\/users\/1"}],"replies":[{"embeddable":true,"href":"https:\/\/turismo.uma.pt\/index.php?rest_route=%2Fwp%2Fv2%2Fcomments&post=959"}],"version-history":[{"count":73,"href":"https:\/\/turismo.uma.pt\/index.php?rest_route=\/wp\/v2\/pages\/959\/revisions"}],"predecessor-version":[{"id":4012,"href":"https:\/\/turismo.uma.pt\/index.php?rest_route=\/wp\/v2\/pages\/959\/revisions\/4012"}],"wp:attachment":[{"href":"https:\/\/turismo.uma.pt\/index.php?rest_route=%2Fwp%2Fv2%2Fmedia&parent=959"}],"curies":[{"name":"wp","href":"https:\/\/api.w.org\/{rel}","templated":true}]}}

Centro de Investigação, Desenvolvimento e Inovação em Turismo (Polo Madeira)

<a href="http://citur-tourismresearch.com" target="_blank" rel="noopener">
<img loading="lazy" decoding="async" title="v-principal-horizontal-cores-alterada-e1537815189113" src="http://turismo.uma.pt/wp-content/uploads/2019/01/v-principal-horizontal-cores-alterada-e1537815189113.png" alt="v-principal-horizontal-cores-alterada-e1537815189113" width="300" height="115" />
</a>
<h3></h3>
<h3></h3>
O CiTUR é uma unidade I&amp;D do subsistema politécnico de ensino superior nacional que associa 17 instituições (universidades e politécnicos) e envolve mais de 200 investigadores.

&nbsp;

<strong>MISSÃO: </strong>Desenvolvimento de investigação aplicada com caráter multidisciplinar e interdisciplinar, a produção e partilha do conhecimento científico em turismo.

&nbsp;

<strong>VISÃO: </strong>Ser líder em investigação aplicada, desenvolvimento e inovação; ser reconhecido pela sociedade civil e empresarial pela superior capacidade de gerar e partilhar conhecimento em turismo.
<h1></h1>
<h1>Os grandes seis grupos temáticos de investigação:</h1>
&nbsp;

Economia e Gestão do Turismo

&nbsp;

&nbsp;

Turismo, Hospitalidade e Restauração

&nbsp;

&nbsp;

E-Tourism

&nbsp;

&nbsp;

Território e Destinos Turísticos

&nbsp;

Planeamento e Gestão de Produtos Turísticos e da Animação

&nbsp;

Turismo, Cultura, Sociedade e Linguagem

&nbsp;

<strong>A Universidade da Madeira é polo da rede nacional CiTUR.</strong>

&nbsp;

<strong>Contactos</strong>

Geral: citur@ualg.pt

Polo Madeira: citur@mail.uma.pt

<!-- This site is optimized with the Yoast SEO plugin v27.4 - https://yoast.com/product/yoast-seo-wordpress/ -->
<title>Centro de Investigação, Desenvolvimento e Inovação em Turismo (Polo Madeira) - Projeto Turismo</title>
<meta name="robots" content="index, follow, max-snippet:-1, max-image-preview:large, max-video-preview:-1" />
<link rel="canonical" href="https://turismo.uma.pt/?page_id=959" />
<meta property="og:locale" content="pt_PT" />
<meta property="og:type" content="article" />
<meta property="og:title" content="Centro de Investigação, Desenvolvimento e Inovação em Turismo (Polo Madeira) - Projeto Turismo" />
<meta property="og:url" content="https://turismo.uma.pt/?page_id=959" />
<meta property="og:site_name" content="Projeto Turismo" />
<meta property="article:modified_time" content="2021-02-26T09:23:25+00:00" />
<meta property="og:image" content="http://turismo.uma.pt/wp-content/uploads/2019/01/v-principal-horizontal-cores-alterada-e1537815189113.png" />
<meta name="twitter:card" content="summary_large_image" />
<meta name="twitter:label1" content="Tempo estimado de leitura" />
	<meta name="twitter:data1" content="1 minuto" />
<script type="application/ld+json" class="yoast-schema-graph">{"@context":"https:\/\/schema.org","@graph":[{"@type":"WebPage","@id":"https:\/\/turismo.uma.pt\/?page_id=959","url":"https:\/\/turismo.uma.pt\/?page_id=959","name":"Centro de Investigação, Desenvolvimento e Inovação em Turismo (Polo Madeira) - Projeto Turismo","isPartOf":{"@id":"https:\/\/turismo.uma.pt\/#website"},"primaryImageOfPage":{"@id":"https:\/\/turismo.uma.pt\/?page_id=959#primaryimage"},"image":{"@id":"https:\/\/turismo.uma.pt\/?page_id=959#primaryimage"},"thumbnailUrl":"http:\/\/turismo.uma.pt\/wp-content\/uploads\/2019\/01\/v-principal-horizontal-cores-alterada-e1537815189113.png","datePublished":"2016-07-18T14:03:20+00:00","dateModified":"2021-02-26T09:23:25+00:00","inLanguage":"pt-PT","potentialAction":[{"@type":"ReadAction","target":["https:\/\/turismo.uma.pt\/?page_id=959"]}]},{"@type":"ImageObject","inLanguage":"pt-PT","@id":"https:\/\/turismo.uma.pt\/?page_id=959#primaryimage","url":"http:\/\/turismo.uma.pt\/wp-content\/uploads\/2019\/01\/v-principal-horizontal-cores-alterada-e1537815189113.png","contentUrl":"http:\/\/turismo.uma.pt\/wp-content\/uploads\/2019\/01\/v-principal-horizontal-cores-alterada-e1537815189113.png"},{"@type":"WebSite","@id":"https:\/\/turismo.uma.pt\/#website","url":"https:\/\/turismo.uma.pt\/","name":"Projeto Turismo","description":"Universidade da Madeira","potentialAction":[{"@type":"SearchAction","target":{"@type":"EntryPoint","urlTemplate":"https:\/\/turismo.uma.pt\/?s={search_term_string}"},"query-input":{"@type":"PropertyValueSpecification","valueRequired":true,"valueName":"search_term_string"}}],"inLanguage":"pt-PT"}]}</script>
<!-- / Yoast SEO plugin. -->

Centro de Investigação, Desenvolvimento e Inovação em Turismo (Polo Madeira) - Projeto Turismo
