{"id":971,"date":"2016-09-13T10:49:52","date_gmt":"2016-09-13T10:49:52","guid":{"rendered":"http:\/\/turismo.uma.pt\/?page_id=971"},"modified":"2024-02-16T17:30:07","modified_gmt":"2024-02-16T17:30:07","slug":"inqueritos","status":"publish","type":"page","link":"https:\/\/turismo.uma.pt\/?page_id=971","title":{"rendered":"Inqu\u00e9ritos"},"content":{"rendered":"\n\t<p><strong>An\u00e1lise \u00e0 Satisfa\u00e7\u00e3o do Turista na RAM<\/strong><\/p>\n<p>&nbsp;<\/p>\n<p>Com base nos inqu\u00e9ritos aplicados aos turistas que visitam a Regi\u00e3o Aut\u00f3noma da Madeira na altura em que os principais eventos da regi\u00e3o est\u00e3o a decorrer, aqui apresentamos o grau de satisfa\u00e7\u00e3o dos turistas relativamente aos eventos.<\/p>\n\t\t\t\t<a href=\"http:\/\/turismo.uma.pt\/?page_id=1814\" target=\"_self\" itemprop=\"url\" rel=\"noopener\">\n\t\t\t\t<img loading=\"lazy\" decoding=\"async\" src=\"http:\/\/turismo.uma.pt\/wp-content\/uploads\/2018\/02\/Madeira-Carnaval-Octovio-Passos-1.jpg\" alt=\"Madeira-Carnaval-Octovio-Passos-1\" itemprop=\"image\" height=\"463\" width=\"720\" title=\"Madeira-Carnaval-Octovio-Passos-1\"  \/>\n\t\t\t\t<\/a>\n\t<a href=\"?page_id=1814\" rel=\"noopener\"><br \/>\nCarnaval<\/a>\n\t\t\t\t<a href=\"http:\/\/turismo.uma.pt\/?page_id=1816\" target=\"_self\" itemprop=\"url\" rel=\"noopener\">\n\t\t\t\t<img loading=\"lazy\" decoding=\"async\" src=\"http:\/\/turismo.uma.pt\/wp-content\/uploads\/2018\/02\/5-gallery-eventos-festadaflor-850x558.jpg\" alt=\"5-gallery-eventos-festadaflor-850x558\" itemprop=\"image\" height=\"558\" width=\"850\" title=\"5-gallery-eventos-festadaflor-850x558\"  \/>\n\t\t\t\t<\/a>\n\t<p>&nbsp;<\/p>\n<a href=\"http:\/\/turismo.uma.pt\/?page_id=1816\" rel=\"noopener\"><br \/>\nFesta da Flor<\/a>\n\t\t\t\t<a href=\"http:\/\/turismo.uma.pt\/?page_id=2089\" target=\"_self\" itemprop=\"url\" rel=\"noopener\">\n\t\t\t\t<img loading=\"lazy\" decoding=\"async\" src=\"http:\/\/turismo.uma.pt\/wp-content\/uploads\/2018\/03\/377816.jpg\" alt=\"377816\" itemprop=\"image\" height=\"477\" width=\"759\" title=\"377816\"  \/>\n\t\t\t\t<\/a>\n\t<p>&nbsp;<\/p>\n<p>&nbsp;<\/p>\n<p><a href=\"http:\/\/turismo.uma.pt\/?page_id=2089\" rel=\"noopener\">Festival do Atl\u00e2ntico<\/a><\/p>\n\t\t\t\t<a href=\"http:\/\/turismo.uma.pt\/?page_id=1818\" target=\"_self\" itemprop=\"url\" rel=\"noopener\">\n\t\t\t\t<img loading=\"lazy\" decoding=\"async\" src=\"http:\/\/turismo.uma.pt\/wp-content\/uploads\/2018\/02\/21368999_1821914924515134_8386770016068318314_o.jpg\" alt=\"21368999_1821914924515134_8386770016068318314_o\" itemprop=\"image\" height=\"1367\" width=\"2048\" title=\"21368999_1821914924515134_8386770016068318314_o\"  \/>\n\t\t\t\t<\/a>\n\t<p>&nbsp;<\/p>\n<br \/>\n<a href=\"http:\/\/turismo.uma.pt\/?page_id=1818\" rel=\"noopener\">Festa do Vinho<\/a>\n\t\t\t\t<a href=\"http:\/\/turismo.uma.pt\/?page_id=3623\" target=\"_self\" itemprop=\"url\" rel=\"noopener\">\n\t\t\t\t<img loading=\"lazy\" decoding=\"async\" src=\"http:\/\/turismo.uma.pt\/wp-content\/uploads\/2019\/12\/5-gallery-eventos-festivaldanatureza.jpg\" alt=\"5-gallery-eventos-festivaldanatureza\" itemprop=\"image\" height=\"640\" width=\"975\" title=\"5-gallery-eventos-festivaldanatureza\"  \/>\n\t\t\t\t<\/a>\n\t<p>&nbsp;<\/p>\n<p><a href=\"http:\/\/turismo.uma.pt\/?page_id=3623\">Festival da Natureza<\/a><\/p>\n\t\t\t\t<a href=\"http:\/\/turismo.uma.pt\/?page_id=3629&#038;preview=true\" target=\"_self\" itemprop=\"url\" rel=\"noopener\">\n\t\t\t\t<img loading=\"lazy\" decoding=\"async\" src=\"http:\/\/turismo.uma.pt\/wp-content\/uploads\/2019\/12\/HS300768.jpg\" alt=\"HS300768\" itemprop=\"image\" height=\"640\" width=\"975\" title=\"HS300768\"  \/>\n\t\t\t\t<\/a>\n\t<p>&nbsp;<\/p>\n<p><a href=\"http:\/\/turismo.uma.pt\/?page_id=3629&amp;preview=true\">Festival do Colombo<\/a><\/p>\n<p>&nbsp;<\/p>\n<p>&nbsp;<\/p>\n<p>&nbsp;<\/p>\n\t\t\t\t<a href=\"http:\/\/turismo.uma.pt\/?page_id=1821\" target=\"_self\" itemprop=\"url\" rel=\"noopener\">\n\t\t\t\t<img loading=\"lazy\" decoding=\"async\" src=\"http:\/\/turismo.uma.pt\/wp-content\/uploads\/2018\/02\/15724961_1457840687589228_8652303981915994008_o.jpg\" alt=\"15724961_1457840687589228_8652303981915994008_o\" itemprop=\"image\" height=\"1365\" width=\"2048\" title=\"15724961_1457840687589228_8652303981915994008_o\"  \/>\n\t\t\t\t<\/a>\n\t<p>&nbsp;<\/p>\n<p>&nbsp;<\/p>\n<p><a href=\"http:\/\/turismo.uma.pt\/?page_id=1821\" rel=\"noopener\">Festas de Natal e Fim do Ano<\/a><\/p>\n\t\t\t\t<img loading=\"lazy\" decoding=\"async\" src=\"http:\/\/turismo.uma.pt\/wp-content\/uploads\/2020\/04\/Imagem1.jpg\" alt=\"Imagem1\" itemprop=\"image\" height=\"447\" width=\"669\" title=\"Imagem1\"  \/>\n\t\t\t<a href=\"http:\/\/turismo.uma.pt\/wp-content\/uploads\/2020\/04\/Apresentacao-conjunta-2019-1.pdf\" target=\"_self\" role=\"button\" rel=\"noopener\">\n\t\t\t\t\t\t\tApresenta\u00e7\u00e3o Conjunta 2019\n\t\t\t\t\t<\/a>\n","protected":false},"excerpt":{"rendered":"","protected":false},"author":1,"featured_media":0,"parent":0,"menu_order":0,"comment_status":"closed","ping_status":"open","template":"fullwidth.php","meta":{"_monsterinsights_skip_tracking":false,"_monsterinsights_sitenote_active":false,"_monsterinsights_sitenote_note":"","_monsterinsights_sitenote_category":0,"_mc_calendar":[],"footnotes":""},"class_list":["post-971","page","type-page","status-publish","hentry"],"yoast_head":"<!-- This site is optimized with the Yoast SEO plugin v27.4 - https:\/\/yoast.com\/product\/yoast-seo-wordpress\/ -->\n<title>Inqu\u00e9ritos - Projeto Turismo<\/title>\n<meta name=\"robots\" content=\"index, follow, max-snippet:-1, max-image-preview:large, max-video-preview:-1\" \/>\n<link rel=\"canonical\" href=\"https:\/\/turismo.uma.pt\/?page_id=971\" \/>\n<meta property=\"og:locale\" content=\"pt_PT\" \/>\n<meta property=\"og:type\" content=\"article\" \/>\n<meta property=\"og:title\" content=\"Inqu\u00e9ritos - Projeto Turismo\" \/>\n<meta property=\"og:url\" content=\"https:\/\/turismo.uma.pt\/?page_id=971\" \/>\n<meta property=\"og:site_name\" content=\"Projeto Turismo\" \/>\n<meta property=\"article:modified_time\" content=\"2024-02-16T17:30:07+00:00\" \/>\n<meta property=\"og:image\" content=\"http:\/\/turismo.uma.pt\/wp-content\/uploads\/2018\/02\/Madeira-Carnaval-Octovio-Passos-1.jpg\" \/>\n<meta name=\"twitter:card\" content=\"summary_large_image\" \/>\n<script type=\"application\/ld+json\" class=\"yoast-schema-graph\">{\"@context\":\"https:\\\/\\\/schema.org\",\"@graph\":[{\"@type\":\"WebPage\",\"@id\":\"https:\\\/\\\/turismo.uma.pt\\\/?page_id=971\",\"url\":\"https:\\\/\\\/turismo.uma.pt\\\/?page_id=971\",\"name\":\"Inqu\u00e9ritos - Projeto Turismo\",\"isPartOf\":{\"@id\":\"https:\\\/\\\/turismo.uma.pt\\\/#website\"},\"primaryImageOfPage\":{\"@id\":\"https:\\\/\\\/turismo.uma.pt\\\/?page_id=971#primaryimage\"},\"image\":{\"@id\":\"https:\\\/\\\/turismo.uma.pt\\\/?page_id=971#primaryimage\"},\"thumbnailUrl\":\"http:\\\/\\\/turismo.uma.pt\\\/wp-content\\\/uploads\\\/2018\\\/02\\\/Madeira-Carnaval-Octovio-Passos-1.jpg\",\"datePublished\":\"2016-09-13T10:49:52+00:00\",\"dateModified\":\"2024-02-16T17:30:07+00:00\",\"inLanguage\":\"pt-PT\",\"potentialAction\":[{\"@type\":\"ReadAction\",\"target\":[\"https:\\\/\\\/turismo.uma.pt\\\/?page_id=971\"]}]},{\"@type\":\"ImageObject\",\"inLanguage\":\"pt-PT\",\"@id\":\"https:\\\/\\\/turismo.uma.pt\\\/?page_id=971#primaryimage\",\"url\":\"http:\\\/\\\/turismo.uma.pt\\\/wp-content\\\/uploads\\\/2018\\\/02\\\/Madeira-Carnaval-Octovio-Passos-1.jpg\",\"contentUrl\":\"http:\\\/\\\/turismo.uma.pt\\\/wp-content\\\/uploads\\\/2018\\\/02\\\/Madeira-Carnaval-Octovio-Passos-1.jpg\"},{\"@type\":\"WebSite\",\"@id\":\"https:\\\/\\\/turismo.uma.pt\\\/#website\",\"url\":\"https:\\\/\\\/turismo.uma.pt\\\/\",\"name\":\"Projeto Turismo\",\"description\":\"Universidade da Madeira\",\"potentialAction\":[{\"@type\":\"SearchAction\",\"target\":{\"@type\":\"EntryPoint\",\"urlTemplate\":\"https:\\\/\\\/turismo.uma.pt\\\/?s={search_term_string}\"},\"query-input\":{\"@type\":\"PropertyValueSpecification\",\"valueRequired\":true,\"valueName\":\"search_term_string\"}}],\"inLanguage\":\"pt-PT\"}]}<\/script>\n<!-- \/ Yoast SEO plugin. -->","yoast_head_json":{"title":"Inqu\u00e9ritos - Projeto Turismo","robots":{"index":"index","follow":"follow","max-snippet":"max-snippet:-1","max-image-preview":"max-image-preview:large","max-video-preview":"max-video-preview:-1"},"canonical":"https:\/\/turismo.uma.pt\/?page_id=971","og_locale":"pt_PT","og_type":"article","og_title":"Inqu\u00e9ritos - Projeto Turismo","og_url":"https:\/\/turismo.uma.pt\/?page_id=971","og_site_name":"Projeto Turismo","article_modified_time":"2024-02-16T17:30:07+00:00","og_image":[{"url":"http:\/\/turismo.uma.pt\/wp-content\/uploads\/2018\/02\/Madeira-Carnaval-Octovio-Passos-1.jpg","type":"","width":"","height":""}],"twitter_card":"summary_large_image","schema":{"@context":"https:\/\/schema.org","@graph":[{"@type":"WebPage","@id":"https:\/\/turismo.uma.pt\/?page_id=971","url":"https:\/\/turismo.uma.pt\/?page_id=971","name":"Inqu\u00e9ritos - Projeto Turismo","isPartOf":{"@id":"https:\/\/turismo.uma.pt\/#website"},"primaryImageOfPage":{"@id":"https:\/\/turismo.uma.pt\/?page_id=971#primaryimage"},"image":{"@id":"https:\/\/turismo.uma.pt\/?page_id=971#primaryimage"},"thumbnailUrl":"http:\/\/turismo.uma.pt\/wp-content\/uploads\/2018\/02\/Madeira-Carnaval-Octovio-Passos-1.jpg","datePublished":"2016-09-13T10:49:52+00:00","dateModified":"2024-02-16T17:30:07+00:00","inLanguage":"pt-PT","potentialAction":[{"@type":"ReadAction","target":["https:\/\/turismo.uma.pt\/?page_id=971"]}]},{"@type":"ImageObject","inLanguage":"pt-PT","@id":"https:\/\/turismo.uma.pt\/?page_id=971#primaryimage","url":"http:\/\/turismo.uma.pt\/wp-content\/uploads\/2018\/02\/Madeira-Carnaval-Octovio-Passos-1.jpg","contentUrl":"http:\/\/turismo.uma.pt\/wp-content\/uploads\/2018\/02\/Madeira-Carnaval-Octovio-Passos-1.jpg"},{"@type":"WebSite","@id":"https:\/\/turismo.uma.pt\/#website","url":"https:\/\/turismo.uma.pt\/","name":"Projeto Turismo","description":"Universidade da Madeira","potentialAction":[{"@type":"SearchAction","target":{"@type":"EntryPoint","urlTemplate":"https:\/\/turismo.uma.pt\/?s={search_term_string}"},"query-input":{"@type":"PropertyValueSpecification","valueRequired":true,"valueName":"search_term_string"}}],"inLanguage":"pt-PT"}]}},"_links":{"self":[{"href":"https:\/\/turismo.uma.pt\/index.php?rest_route=\/wp\/v2\/pages\/971","targetHints":{"allow":["GET"]}}],"collection":[{"href":"https:\/\/turismo.uma.pt\/index.php?rest_route=\/wp\/v2\/pages"}],"about":[{"href":"https:\/\/turismo.uma.pt\/index.php?rest_route=\/wp\/v2\/types\/page"}],"author":[{"embeddable":true,"href":"https:\/\/turismo.uma.pt\/index.php?rest_route=\/wp\/v2\/users\/1"}],"replies":[{"embeddable":true,"href":"https:\/\/turismo.uma.pt\/index.php?rest_route=%2Fwp%2Fv2%2Fcomments&post=971"}],"version-history":[{"count":64,"href":"https:\/\/turismo.uma.pt\/index.php?rest_route=\/wp\/v2\/pages\/971\/revisions"}],"predecessor-version":[{"id":4090,"href":"https:\/\/turismo.uma.pt\/index.php?rest_route=\/wp\/v2\/pages\/971\/revisions\/4090"}],"wp:attachment":[{"href":"https:\/\/turismo.uma.pt\/index.php?rest_route=%2Fwp%2Fv2%2Fmedia&parent=971"}],"curies":[{"name":"wp","href":"https:\/\/api.w.org\/{rel}","templated":true}]}}